Last updated on 2024-05-01 16:52:48 CEST.
Flavor | Version | Tinstall | Tcheck | Ttotal | Status | Flags |
---|---|---|---|---|---|---|
r-devel-linux-x86_64-debian-clang | 3.0-5 | 869.49 | 40.70 | 910.19 | NOTE | |
r-devel-linux-x86_64-debian-gcc | 3.0-5 | 884.96 | 28.88 | 913.84 | NOTE | |
r-devel-linux-x86_64-fedora-clang | 3.0-5 | 1454.30 | NOTE | |||
r-devel-linux-x86_64-fedora-gcc | 3.0-5 | 1698.91 | NOTE | |||
r-devel-windows-x86_64 | 3.0-5 | 1052.00 | 63.00 | 1115.00 | NOTE | |
r-patched-linux-x86_64 | 3.0-5 | 1053.63 | 36.29 | 1089.92 | NOTE | |
r-release-linux-x86_64 | 3.0-5 | 1043.26 | 35.08 | 1078.34 | NOTE | |
r-release-macos-arm64 | 3.0-5 | 355.00 | NOTE | |||
r-release-macos-x86_64 | 3.0-5 | 393.00 | NOTE | |||
r-release-windows-x86_64 | 3.0-5 | 1052.00 | 64.00 | 1116.00 | NOTE | |
r-oldrel-macos-arm64 | 3.0-5 | 395.00 | NOTE | |||
r-oldrel-macos-x86_64 | 3.0-5 | 361.00 | NOTE | |||
r-oldrel-windows-x86_64 | 3.0-5 | 1092.00 | 65.00 | 1157.00 | NOTE |
Version: 3.0-5
Check: for GNU extensions in Makefiles
Result: NOTE
GNU make is a SystemRequirements.
Flavors: r-devel-linux-x86_64-debian-clang, r-devel-linux-x86_64-debian-gcc, r-devel-linux-x86_64-fedora-clang, r-devel-linux-x86_64-fedora-gcc, r-devel-windows-x86_64, r-patched-linux-x86_64, r-release-linux-x86_64, r-release-macos-arm64, r-release-macos-x86_64, r-release-windows-x86_64, r-oldrel-macos-arm64, r-oldrel-macos-x86_64, r-oldrel-windows-x86_64
Version: 3.0-5
Check: installed package size
Result: NOTE
installed size is 11.8Mb
sub-directories of 1Mb or more:
libs 11.7Mb
Flavors: r-devel-linux-x86_64-fedora-clang, r-devel-windows-x86_64, r-release-macos-arm64, r-release-macos-x86_64, r-release-windows-x86_64, r-oldrel-macos-arm64, r-oldrel-macos-x86_64, r-oldrel-windows-x86_64