Last updated on 2025-01-19 05:49:04 CET.
Flavor | Version | Tinstall | Tcheck | Ttotal | Status | Flags |
---|---|---|---|---|---|---|
r-devel-linux-x86_64-debian-clang | 1.0.1 | 15.28 | 150.10 | 165.38 | NOTE | |
r-devel-linux-x86_64-debian-gcc | 1.0.1 | 10.77 | 108.33 | 119.10 | NOTE | |
r-devel-linux-x86_64-fedora-clang | 1.0.1 | 271.88 | NOTE | |||
r-devel-linux-x86_64-fedora-gcc | 1.0.1 | 272.43 | NOTE | |||
r-devel-windows-x86_64 | 1.0.1 | 17.00 | 169.00 | 186.00 | NOTE | |
r-patched-linux-x86_64 | 1.0.1 | 13.55 | 144.89 | 158.44 | NOTE | |
r-release-linux-x86_64 | 1.0.1 | 15.68 | 143.76 | 159.44 | NOTE | |
r-release-macos-arm64 | 1.0.1 | 74.00 | NOTE | |||
r-release-macos-x86_64 | 1.0.1 | 123.00 | NOTE | |||
r-release-windows-x86_64 | 1.0.1 | 16.00 | 174.00 | 190.00 | NOTE | |
r-oldrel-macos-arm64 | 1.0.1 | 84.00 | OK | |||
r-oldrel-macos-x86_64 | 1.0.1 | 141.00 | OK | |||
r-oldrel-windows-x86_64 | 1.0.1 | 22.00 | 192.00 | 214.00 | OK |
Version: 1.0.1
Check: Rd files
Result: NOTE
checkRd: (-1) bma.bx.cy.Rd:69: Lost braces
69 | the initial values for parameters in models. For example, inits<-function(){list(alpha=0,beta=0,c=0,var1=0.5,r=1,lamda=0.01)}.
| ^
Flavors: r-devel-linux-x86_64-debian-clang, r-devel-linux-x86_64-debian-gcc, r-devel-linux-x86_64-fedora-clang, r-devel-linux-x86_64-fedora-gcc, r-devel-windows-x86_64, r-patched-linux-x86_64, r-release-linux-x86_64, r-release-macos-arm64, r-release-macos-x86_64, r-release-windows-x86_64