CRAN Package Check Results for Package BayesianNetwork

Last updated on 2020-07-13 12:48:39 CEST.

Flavor Version Tinstall Tcheck Ttotal Status Flags
r-devel-linux-x86_64-debian-clang 0.1.5 8.30 63.55 71.85 OK
r-devel-linux-x86_64-debian-gcc 0.1.5 5.79 48.45 54.24 OK
r-devel-linux-x86_64-fedora-clang 0.1.5 95.83 NOTE
r-devel-linux-x86_64-fedora-gcc 0.1.5 93.70 NOTE
r-devel-windows-ix86+x86_64 0.1.5 24.00 103.00 127.00 OK
r-patched-linux-x86_64 0.1.5 5.80 61.69 67.49 OK
r-patched-solaris-x86 0.1.5 124.10 NOTE
r-release-linux-x86_64 0.1.5 6.67 61.43 68.10 OK
r-release-macos-x86_64 0.1.5 ERROR
r-release-windows-ix86+x86_64 0.1.5 40.00 128.00 168.00 OK
r-oldrel-macos-x86_64 0.1.5 NOTE
r-oldrel-windows-ix86+x86_64 0.1.5 19.00 84.00 103.00 OK

Check Details

Version: 0.1.5
Check: dependencies in R code
Result: NOTE
    Namespaces in Imports field not imported from:
     ‘shinytest’ ‘testthat’
     All declared Imports should be used.
Flavors: r-devel-linux-x86_64-fedora-clang, r-devel-linux-x86_64-fedora-gcc, r-patched-solaris-x86, r-oldrel-macos-x86_64

Version: 0.1.5
Check: whether package can be installed
Result: ERROR
    Installation failed.
Flavor: r-release-macos-x86_64