CRAN Package Check Results for Package BayesianPlatformDesignTimeTrend

Last updated on 2025-01-19 05:49:04 CET.

Flavor Version Tinstall Tcheck Ttotal Status Flags
r-devel-linux-x86_64-debian-clang 1.2.3 250.15 188.91 439.06 OK
r-devel-linux-x86_64-debian-gcc 1.2.3 242.21 160.00 402.21 OK
r-devel-linux-x86_64-fedora-clang 1.2.3 799.08 OK
r-devel-linux-x86_64-fedora-gcc 1.2.3 1061.32 OK
r-devel-windows-x86_64 1.2.3 308.00 240.00 548.00 OK
r-patched-linux-x86_64 1.2.3 329.38 209.37 538.75 NOTE
r-release-linux-x86_64 1.2.3 288.37 212.00 500.37 NOTE
r-release-macos-arm64 1.2.3 202.00 NOTE
r-release-macos-x86_64 1.2.3 240.00 NOTE
r-release-windows-x86_64 1.2.3 285.00 233.00 518.00 NOTE
r-oldrel-macos-arm64 1.2.3 142.00 NOTE
r-oldrel-macos-x86_64 1.2.3 172.00 NOTE
r-oldrel-windows-x86_64 1.2.3 327.00 288.00 615.00 NOTE

Check Details

Version: 1.2.3
Check: for GNU extensions in Makefiles
Result: NOTE GNU make is a SystemRequirements. Flavors: r-patched-linux-x86_64, r-release-linux-x86_64, r-release-macos-arm64, r-release-macos-x86_64, r-release-windows-x86_64, r-oldrel-macos-arm64, r-oldrel-macos-x86_64, r-oldrel-windows-x86_64

Version: 1.2.3
Check: installed package size
Result: NOTE installed size is 87.6Mb sub-directories of 1Mb or more: data 1.3Mb help 1.8Mb libs 83.3Mb Flavors: r-release-macos-arm64, r-release-macos-x86_64, r-release-windows-x86_64, r-oldrel-macos-arm64, r-oldrel-macos-x86_64, r-oldrel-windows-x86_64