Last updated on 2025-01-19 05:49:04 CET.
Flavor | Version | Tinstall | Tcheck | Ttotal | Status | Flags |
---|---|---|---|---|---|---|
r-devel-linux-x86_64-debian-clang | 0.2.3 | 1.66 | 26.67 | 28.33 | OK | |
r-devel-linux-x86_64-debian-gcc | 0.2.3 | 1.49 | 20.34 | 21.83 | OK | |
r-devel-linux-x86_64-fedora-clang | 0.2.3 | 47.88 | OK | |||
r-devel-linux-x86_64-fedora-gcc | 0.2.3 | 58.01 | OK | |||
r-devel-windows-x86_64 | 0.2.3 | 2.00 | 49.00 | 51.00 | OK | |
r-patched-linux-x86_64 | 0.2.3 | 1.69 | 25.13 | 26.82 | NOTE | |
r-release-linux-x86_64 | 0.2.3 | 1.71 | 24.88 | 26.59 | NOTE | |
r-release-macos-arm64 | 0.2.3 | 21.00 | NOTE | |||
r-release-macos-x86_64 | 0.2.3 | 44.00 | NOTE | |||
r-release-windows-x86_64 | 0.2.3 | 4.00 | 47.00 | 51.00 | NOTE | |
r-oldrel-macos-arm64 | 0.2.3 | 23.00 | NOTE | |||
r-oldrel-macos-x86_64 | 0.2.3 | 36.00 | NOTE | |||
r-oldrel-windows-x86_64 | 0.2.3 | 4.00 | 51.00 | 55.00 | NOTE |
Version: 0.2.3
Check: LazyData
Result: NOTE
'LazyData' is specified without a 'data' directory
Flavors: r-patched-linux-x86_64, r-release-linux-x86_64, r-release-macos-arm64, r-release-macos-x86_64, r-release-windows-x86_64, r-oldrel-macos-arm64, r-oldrel-macos-x86_64, r-oldrel-windows-x86_64