Last updated on 2025-01-19 05:49:04 CET.
Flavor | Version | Tinstall | Tcheck | Ttotal | Status | Flags |
---|---|---|---|---|---|---|
r-devel-linux-x86_64-debian-clang | 1.3.0 | 338.80 | 364.80 | 703.60 | OK | |
r-devel-linux-x86_64-debian-gcc | 1.3.0 | 331.20 | 294.36 | 625.56 | OK | |
r-devel-linux-x86_64-fedora-clang | 1.3.0 | 1121.49 | OK | |||
r-devel-linux-x86_64-fedora-gcc | 1.3.0 | 1752.36 | OK | |||
r-devel-windows-x86_64 | 1.3.0 | 314.00 | 477.00 | 791.00 | OK | |
r-patched-linux-x86_64 | 1.3.0 | 325.62 | 404.67 | 730.29 | OK | |
r-release-linux-x86_64 | 1.3.0 | 399.82 | 374.05 | 773.87 | OK | |
r-release-macos-arm64 | 1.3.0 | 276.00 | NOTE | |||
r-release-macos-x86_64 | 1.3.0 | 366.00 | NOTE | |||
r-release-windows-x86_64 | 1.3.0 | 313.00 | 639.00 | 952.00 | NOTE | |
r-oldrel-macos-arm64 | 1.3.0 | 311.00 | NOTE | |||
r-oldrel-macos-x86_64 | 1.3.0 | 384.00 | NOTE | |||
r-oldrel-windows-x86_64 | 1.3.0 | 433.00 | 689.00 | 1122.00 | NOTE |
Version: 1.3.0
Check: installed package size
Result: NOTE
installed size is 65.0Mb
sub-directories of 1Mb or more:
data 2.7Mb
libs 61.7Mb
Flavors: r-release-macos-arm64, r-release-macos-x86_64, r-release-windows-x86_64, r-oldrel-macos-arm64, r-oldrel-macos-x86_64, r-oldrel-windows-x86_64
Version: 1.3.0
Check: for GNU extensions in Makefiles
Result: NOTE
GNU make is a SystemRequirements.
Flavors: r-release-macos-arm64, r-release-macos-x86_64, r-oldrel-macos-arm64, r-oldrel-macos-x86_64