Last updated on 2025-01-19 05:49:04 CET.
Flavor | Version | Tinstall | Tcheck | Ttotal | Status | Flags |
---|---|---|---|---|---|---|
r-devel-linux-x86_64-debian-clang | 0.32 | 24.04 | 57.73 | 81.77 | NOTE | |
r-devel-linux-x86_64-debian-gcc | 0.32 | 16.79 | 39.43 | 56.22 | NOTE | |
r-devel-linux-x86_64-fedora-clang | 0.32 | 138.37 | OK | |||
r-devel-linux-x86_64-fedora-gcc | 0.32 | 135.86 | OK | |||
r-devel-windows-x86_64 | 0.32 | 26.00 | 100.00 | 126.00 | NOTE | |
r-patched-linux-x86_64 | 0.32 | 27.62 | 52.48 | 80.10 | OK | |
r-release-linux-x86_64 | 0.32 | 25.69 | 52.76 | 78.45 | OK | |
r-release-macos-arm64 | 0.32 | 38.00 | OK | |||
r-release-macos-x86_64 | 0.32 | 54.00 | OK | |||
r-release-windows-x86_64 | 0.32 | 27.00 | 100.00 | 127.00 | OK | |
r-oldrel-macos-arm64 | 0.32 | 43.00 | OK | |||
r-oldrel-macos-x86_64 | 0.32 | 84.00 | OK | |||
r-oldrel-windows-x86_64 | 0.32 | 29.00 | 119.00 | 148.00 | OK |
Version: 0.32
Check: Rd cross-references
Result: NOTE
Found the following Rd file(s) with Rd \link{} targets missing package
anchors:
sfa.Rd: ucminf
Please provide package anchors for all Rd \link{} targets not in the
package itself and the base packages.
Flavors: r-devel-linux-x86_64-debian-clang, r-devel-linux-x86_64-debian-gcc, r-devel-windows-x86_64