CRAN Package Check Results for Package Biocomb

Last updated on 2020-07-10 12:48:22 CEST.

Flavor Version Tinstall Tcheck Ttotal Status Flags
r-devel-linux-x86_64-debian-clang 0.4 60.44 182.11 242.55 OK
r-devel-linux-x86_64-debian-gcc 0.4 44.78 139.98 184.76 OK
r-devel-linux-x86_64-fedora-clang 0.4 313.38 OK
r-devel-linux-x86_64-fedora-gcc 0.4 303.58 OK
r-devel-windows-ix86+x86_64 0.4 115.00 258.00 373.00 OK
r-patched-linux-x86_64 0.4 54.04 180.22 234.26 OK
r-release-linux-x86_64 0.4 51.69 179.98 231.67 OK
r-release-osx-x86_64 0.4 OK
r-release-windows-ix86+x86_64 0.4 107.00 246.00 353.00 OK
r-oldrel-osx-x86_64 0.4 WARN
r-oldrel-windows-ix86+x86_64 0.4 110.00 249.00 359.00 OK

Check Details

Version: 0.4
Check: whether package can be installed
Result: WARN
    Found the following significant warnings:
     Warning: 'rgl_init' failed, running with rgl.useNULL = TRUE
Flavor: r-oldrel-osx-x86_64