Last updated on 2025-01-19 05:49:04 CET.
Flavor | Version | Tinstall | Tcheck | Ttotal | Status | Flags |
---|---|---|---|---|---|---|
r-devel-linux-x86_64-debian-clang | 2.17-1 | 64.39 | 292.16 | 356.55 | OK | |
r-devel-linux-x86_64-debian-gcc | 2.17-1 | 45.99 | 206.95 | 252.94 | OK | |
r-devel-linux-x86_64-fedora-clang | 2.17-1 | 610.00 | OK | |||
r-devel-linux-x86_64-fedora-gcc | 2.17-1 | 428.91 | OK | |||
r-devel-windows-x86_64 | 2.17-1 | 48.00 | 232.00 | 280.00 | OK | |
r-patched-linux-x86_64 | 2.17-1 | 60.03 | 270.61 | 330.64 | OK | |
r-release-linux-x86_64 | 2.17-1 | 60.66 | 273.75 | 334.41 | OK | |
r-release-macos-arm64 | 2.17-1 | 111.00 | OK | |||
r-release-macos-x86_64 | 2.17-1 | 14.00 | ERROR | |||
r-release-windows-x86_64 | 2.17-1 | 51.00 | 227.00 | 278.00 | OK | |
r-oldrel-macos-arm64 | 2.17-1 | 119.00 | OK | |||
r-oldrel-macos-x86_64 | 2.17-1 | 14.00 | ERROR | |||
r-oldrel-windows-x86_64 | 2.17-1 | 62.00 | 288.00 | 350.00 | OK |
Version: 2.17-1
Check: whether package can be installed
Result: ERROR
Installation failed.
Flavors: r-release-macos-x86_64, r-oldrel-macos-x86_64