Last updated on 2025-01-19 05:49:04 CET.
Flavor | Version | Tinstall | Tcheck | Ttotal | Status | Flags |
---|---|---|---|---|---|---|
r-devel-linux-x86_64-debian-clang | 0.2.10 | 16.61 | 51.94 | 68.55 | OK | |
r-devel-linux-x86_64-debian-gcc | 0.2.10 | 12.13 | 38.71 | 50.84 | OK | |
r-devel-linux-x86_64-fedora-clang | 0.2.10 | 121.63 | OK | |||
r-devel-linux-x86_64-fedora-gcc | 0.2.10 | 128.19 | OK | |||
r-devel-windows-x86_64 | 0.2.10 | 22.00 | 84.00 | 106.00 | OK | |
r-patched-linux-x86_64 | 0.2.10 | 16.14 | 48.27 | 64.41 | NOTE | |
r-release-linux-x86_64 | 0.2.10 | 16.46 | 47.92 | 64.38 | NOTE | |
r-release-macos-arm64 | 0.2.10 | 43.00 | NOTE | |||
r-release-macos-x86_64 | 0.2.10 | 60.00 | NOTE | |||
r-release-windows-x86_64 | 0.2.10 | 23.00 | 92.00 | 115.00 | NOTE | |
r-oldrel-macos-arm64 | 0.2.10 | 45.00 | NOTE | |||
r-oldrel-macos-x86_64 | 0.2.10 | 66.00 | NOTE | |||
r-oldrel-windows-x86_64 | 0.2.10 | 25.00 | 102.00 | 127.00 | NOTE |
Version: 0.2.10
Check: LazyData
Result: NOTE
'LazyData' is specified without a 'data' directory
Flavors: r-patched-linux-x86_64, r-release-linux-x86_64, r-release-macos-arm64, r-release-macos-x86_64, r-release-windows-x86_64, r-oldrel-macos-arm64, r-oldrel-macos-x86_64, r-oldrel-windows-x86_64