Last updated on 2025-01-19 05:49:04 CET.
Flavor | Version | Tinstall | Tcheck | Ttotal | Status | Flags |
---|---|---|---|---|---|---|
r-devel-linux-x86_64-debian-clang | 0.2.2 | 1.65 | 20.42 | 22.07 | OK | |
r-devel-linux-x86_64-debian-gcc | 0.2.2 | 1.45 | 16.07 | 17.52 | OK | |
r-devel-linux-x86_64-fedora-clang | 0.2.2 | 36.88 | OK | |||
r-devel-linux-x86_64-fedora-gcc | 0.2.2 | 35.05 | OK | |||
r-devel-windows-x86_64 | 0.2.2 | 3.00 | 43.00 | 46.00 | OK | |
r-patched-linux-x86_64 | 0.2.2 | 1.87 | 19.60 | 21.47 | OK | |
r-release-linux-x86_64 | 0.2.2 | 1.53 | 19.47 | 21.00 | OK | |
r-release-macos-arm64 | 0.2.2 | 15.00 | OK | |||
r-release-macos-x86_64 | 0.2.2 | 22.00 | OK | |||
r-release-windows-x86_64 | 0.2.2 | 3.00 | 43.00 | 46.00 | OK | |
r-oldrel-macos-arm64 | 0.2.2 | 18.00 | NOTE | |||
r-oldrel-macos-x86_64 | 0.2.2 | 22.00 | NOTE | |||
r-oldrel-windows-x86_64 | 0.2.2 | 4.00 | 47.00 | 51.00 | OK |
Version: 0.2.2
Check: package dependencies
Result: NOTE
Package suggested but not available for checking: ‘IHW’
Flavors: r-oldrel-macos-arm64, r-oldrel-macos-x86_64