Last updated on 2025-01-19 05:49:04 CET.
Flavor | Version | Tinstall | Tcheck | Ttotal | Status | Flags |
---|---|---|---|---|---|---|
r-devel-linux-x86_64-debian-clang | 1.0.5 | 2.19 | 42.34 | 44.53 | OK | |
r-devel-linux-x86_64-debian-gcc | 1.0.5 | 1.77 | 31.53 | 33.30 | OK | |
r-devel-linux-x86_64-fedora-clang | 1.0.5 | 82.04 | OK | |||
r-devel-linux-x86_64-fedora-gcc | 1.0.5 | 86.21 | OK | |||
r-devel-windows-x86_64 | 1.0.5 | 4.00 | 62.00 | 66.00 | OK | |
r-patched-linux-x86_64 | 1.0.5 | 2.14 | 39.52 | 41.66 | OK | |
r-release-linux-x86_64 | 1.0.5 | 2.46 | 39.18 | 41.64 | OK | |
r-release-macos-arm64 | 1.0.5 | 31.00 | OK | |||
r-release-macos-x86_64 | 1.0.5 | 46.00 | OK | |||
r-release-windows-x86_64 | 1.0.5 | 4.00 | 60.00 | 64.00 | OK | |
r-oldrel-macos-arm64 | 1.0.5 | 31.00 | OK | |||
r-oldrel-macos-x86_64 | 1.0.5 | 38.00 | NOTE | |||
r-oldrel-windows-x86_64 | 1.0.5 | 4.00 | 68.00 | 72.00 | OK |
Version: 1.0.5
Check: package dependencies
Result: NOTE
Package suggested but not available for checking: ‘Seurat’
Flavor: r-oldrel-macos-x86_64