CRAN Package Check Results for Package BivGeo

Last updated on 2025-01-19 05:49:04 CET.

Flavor Version Tinstall Tcheck Ttotal Status Flags
r-devel-linux-x86_64-debian-clang 2.0.1 2.14 19.92 22.06 OK
r-devel-linux-x86_64-debian-gcc 2.0.1 1.66 15.69 17.35 OK
r-devel-linux-x86_64-fedora-clang 2.0.1 35.81 OK
r-devel-linux-x86_64-fedora-gcc 2.0.1 34.19 OK
r-devel-windows-x86_64 2.0.1 3.00 43.00 46.00 OK
r-patched-linux-x86_64 2.0.1 2.35 18.90 21.25 NOTE
r-release-linux-x86_64 2.0.1 1.71 18.80 20.51 NOTE
r-release-macos-arm64 2.0.1 16.00 NOTE
r-release-macos-x86_64 2.0.1 20.00 NOTE
r-release-windows-x86_64 2.0.1 3.00 40.00 43.00 NOTE
r-oldrel-macos-arm64 2.0.1 15.00 NOTE
r-oldrel-macos-x86_64 2.0.1 20.00 NOTE
r-oldrel-windows-x86_64 2.0.1 4.00 41.00 45.00 NOTE

Check Details

Version: 2.0.1
Check: LazyData
Result: NOTE 'LazyData' is specified without a 'data' directory Flavors: r-patched-linux-x86_64, r-release-linux-x86_64, r-release-macos-arm64, r-release-macos-x86_64, r-release-windows-x86_64, r-oldrel-macos-arm64, r-oldrel-macos-x86_64, r-oldrel-windows-x86_64