Last updated on 2024-04-17 13:57:22 CEST.
Flavor | Version | Tinstall | Tcheck | Ttotal | Status | Flags |
---|---|---|---|---|---|---|
r-devel-linux-x86_64-debian-clang | 0.1.1 | 7.43 | 94.49 | 101.92 | NOTE | |
r-devel-linux-x86_64-debian-gcc | 0.1.1 | 7.34 | 69.45 | 76.79 | NOTE | |
r-devel-linux-x86_64-fedora-clang | 0.1.1 | 131.14 | NOTE | |||
r-devel-linux-x86_64-fedora-gcc | 0.1.1 | 152.53 | NOTE | |||
r-prerel-macos-arm64 | 0.1.1 | 48.00 | NOTE | |||
r-prerel-windows-x86_64 | 0.1.1 | 9.00 | 80.00 | 89.00 | NOTE | |
r-patched-linux-x86_64 | 0.1.1 | 10.46 | 88.24 | 98.70 | NOTE | |
r-release-linux-x86_64 | 0.1.1 | 10.15 | 91.03 | 101.18 | NOTE | |
r-release-macos-arm64 | 0.1.1 | 53.00 | NOTE | |||
r-release-macos-x86_64 | 0.1.1 | 84.00 | NOTE | |||
r-release-windows-x86_64 | 0.1.1 | 13.00 | 97.00 | 110.00 | NOTE | |
r-oldrel-macos-arm64 | 0.1.1 | 42.00 | NOTE | |||
r-oldrel-windows-x86_64 | 0.1.1 | 13.00 | 100.00 | 113.00 | NOTE |
Version: 0.1.1
Check: LazyData
Result: NOTE
'LazyData' is specified without a 'data' directory
Flavors: r-devel-linux-x86_64-debian-clang, r-devel-linux-x86_64-debian-gcc, r-devel-linux-x86_64-fedora-clang, r-devel-linux-x86_64-fedora-gcc, r-prerel-macos-arm64, r-prerel-windows-x86_64, r-patched-linux-x86_64, r-release-linux-x86_64, r-release-macos-arm64, r-release-macos-x86_64, r-release-windows-x86_64, r-oldrel-macos-arm64, r-oldrel-windows-x86_64