CRAN Package Check Results for Package BoltzMM

Last updated on 2025-01-19 05:49:04 CET.

Flavor Version Tinstall Tcheck Ttotal Status Flags
r-devel-linux-x86_64-debian-clang 0.1.4 24.68 25.50 50.18 NOTE
r-devel-linux-x86_64-debian-gcc 0.1.4 18.62 20.86 39.48 NOTE
r-devel-linux-x86_64-fedora-clang 0.1.4 93.06 NOTE
r-devel-linux-x86_64-fedora-gcc 0.1.4 94.30 NOTE
r-devel-windows-x86_64 0.1.4 28.00 68.00 96.00 NOTE
r-patched-linux-x86_64 0.1.4 26.74 24.47 51.21 NOTE
r-release-linux-x86_64 0.1.4 24.62 24.46 49.08 NOTE
r-release-macos-arm64 0.1.4 28.00 NOTE
r-release-macos-x86_64 0.1.4 43.00 NOTE
r-release-windows-x86_64 0.1.4 28.00 67.00 95.00 NOTE
r-oldrel-macos-arm64 0.1.4 30.00 NOTE
r-oldrel-macos-x86_64 0.1.4 51.00 NOTE
r-oldrel-windows-x86_64 0.1.4 31.00 81.00 112.00 NOTE

Check Details

Version: 0.1.4
Check: C++ specification
Result: NOTE Specified C++11: please drop specification unless essential Flavors: r-devel-linux-x86_64-debian-clang, r-devel-linux-x86_64-debian-gcc, r-devel-linux-x86_64-fedora-clang, r-devel-linux-x86_64-fedora-gcc, r-devel-windows-x86_64, r-patched-linux-x86_64, r-release-linux-x86_64, r-release-macos-arm64, r-release-macos-x86_64, r-release-windows-x86_64, r-oldrel-macos-arm64, r-oldrel-macos-x86_64, r-oldrel-windows-x86_64

Version: 0.1.4
Check: package subdirectories
Result: NOTE Problems with news in ‘NEWS.md’: No news entries found. Flavors: r-devel-linux-x86_64-debian-clang, r-devel-linux-x86_64-debian-gcc, r-devel-linux-x86_64-fedora-clang, r-devel-linux-x86_64-fedora-gcc, r-devel-windows-x86_64, r-patched-linux-x86_64, r-release-linux-x86_64, r-release-macos-arm64, r-release-macos-x86_64, r-release-windows-x86_64, r-oldrel-macos-arm64, r-oldrel-macos-x86_64, r-oldrel-windows-x86_64