Last updated on 2025-10-13 14:49:42 CEST.
| Flavor | Version | Tinstall | Tcheck | Ttotal | Status | Flags | 
|---|---|---|---|---|---|---|
| r-devel-linux-x86_64-debian-clang | 0.9.16 | 1505.32 | 42.66 | 1547.98 | OK | |
| r-devel-linux-x86_64-debian-gcc | 0.9.16 | 1010.17 | 45.45 | 1055.62 | OK | |
| r-devel-linux-x86_64-fedora-clang | 0.9.16 | 3563.78 | OK | |||
| r-devel-linux-x86_64-fedora-gcc | 0.9.16 | 2933.55 | OK | |||
| r-devel-windows-x86_64 | 0.9.16 | 1799.00 | 87.00 | 1886.00 | OK | |
| r-patched-linux-x86_64 | 0.9.16 | 1528.90 | 60.58 | 1589.48 | OK | |
| r-release-linux-x86_64 | 0.9.16 | 1507.37 | 60.75 | 1568.12 | OK | |
| r-release-macos-arm64 | 0.9.16 | 532.00 | OK | |||
| r-release-macos-x86_64 | 0.9.16 | 568.00 | OK | |||
| r-release-windows-x86_64 | 0.9.16 | 1795.00 | 91.00 | 1886.00 | OK | |
| r-oldrel-macos-arm64 | 0.9.15 | 591.00 | NOTE | |||
| r-oldrel-macos-x86_64 | 0.9.15 | 359.00 | NOTE | |||
| r-oldrel-windows-x86_64 | 0.9.15 | 1754.00 | 97.00 | 1851.00 | NOTE | 
Version: 0.9.15
Check: installed package size
Result: NOTE
    installed size is 396.6Mb
    sub-directories of 1Mb or more:
      include   10.3Mb
      lib      385.9Mb
Flavors: r-oldrel-macos-arm64, r-oldrel-macos-x86_64, r-oldrel-windows-x86_64
Version: 0.9.15
Check: for GNU extensions in Makefiles
Result: NOTE
  GNU make is a SystemRequirements.
Flavors: r-oldrel-macos-arm64, r-oldrel-macos-x86_64, r-oldrel-windows-x86_64