Last updated on 2025-01-19 05:49:04 CET.
Flavor | Version | Tinstall | Tcheck | Ttotal | Status | Flags |
---|---|---|---|---|---|---|
r-devel-linux-x86_64-debian-clang | 0.9.15 | 1490.81 | 39.07 | 1529.88 | OK | |
r-devel-linux-x86_64-debian-gcc | 0.9.15 | 1117.34 | 43.55 | 1160.89 | OK | |
r-devel-linux-x86_64-fedora-clang | 0.9.15 | 3948.50 | OK | |||
r-devel-linux-x86_64-fedora-gcc | 0.9.15 | 3479.79 | OK | |||
r-devel-windows-x86_64 | 0.9.15 | 1745.00 | 81.00 | 1826.00 | OK | |
r-patched-linux-x86_64 | 0.9.15 | 1545.91 | 56.34 | 1602.25 | NOTE | |
r-release-linux-x86_64 | 0.9.15 | 1552.73 | 56.13 | 1608.86 | NOTE | |
r-release-macos-arm64 | 0.9.15 | 515.00 | NOTE | |||
r-release-macos-x86_64 | 0.9.15 | 359.00 | NOTE | |||
r-release-windows-x86_64 | 0.9.15 | 1768.00 | 78.00 | 1846.00 | NOTE | |
r-oldrel-macos-arm64 | 0.9.15 | 596.00 | NOTE | |||
r-oldrel-macos-x86_64 | 0.9.15 | 460.00 | NOTE | |||
r-oldrel-windows-x86_64 | 0.9.15 | 1919.00 | 92.00 | 2011.00 | NOTE |
Version: 0.9.15
Check: for GNU extensions in Makefiles
Result: NOTE
GNU make is a SystemRequirements.
Flavors: r-patched-linux-x86_64, r-release-linux-x86_64, r-release-macos-arm64, r-release-macos-x86_64, r-release-windows-x86_64, r-oldrel-macos-arm64, r-oldrel-macos-x86_64, r-oldrel-windows-x86_64
Version: 0.9.15
Check: installed package size
Result: NOTE
installed size is 403.5Mb
sub-directories of 1Mb or more:
include 10.3Mb
lib 392.8Mb
Flavors: r-release-macos-arm64, r-release-macos-x86_64, r-release-windows-x86_64, r-oldrel-macos-arm64, r-oldrel-macos-x86_64, r-oldrel-windows-x86_64