Last updated on 2025-01-19 05:49:04 CET.
Flavor | Version | Tinstall | Tcheck | Ttotal | Status | Flags |
---|---|---|---|---|---|---|
r-devel-linux-x86_64-debian-clang | 1.0.3 | 61.96 | 33.98 | 95.94 | OK | |
r-devel-linux-x86_64-debian-gcc | 1.0.3 | 44.35 | 26.74 | 71.09 | OK | |
r-devel-linux-x86_64-fedora-clang | 1.0.3 | 133.44 | OK | |||
r-devel-linux-x86_64-fedora-gcc | 1.0.3 | 169.72 | OK | |||
r-devel-windows-x86_64 | 1.0.3 | 50.00 | 74.00 | 124.00 | OK | |
r-patched-linux-x86_64 | 1.0.3 | 61.31 | 32.27 | 93.58 | OK | |
r-release-linux-x86_64 | 1.0.3 | 58.53 | 32.06 | 90.59 | OK | |
r-release-macos-arm64 | 1.0.3 | 36.00 | OK | |||
r-release-macos-x86_64 | 1.0.3 | 51.00 | NOTE | |||
r-release-windows-x86_64 | 1.0.3 | 54.00 | 74.00 | 128.00 | OK | |
r-oldrel-macos-arm64 | 1.0.3 | 43.00 | OK | |||
r-oldrel-macos-x86_64 | 1.0.3 | 71.00 | NOTE | |||
r-oldrel-windows-x86_64 | 1.0.3 | 66.00 | 87.00 | 153.00 | OK |
Version: 1.0.3
Check: installed package size
Result: NOTE
installed size is 5.1Mb
sub-directories of 1Mb or more:
libs 4.7Mb
Flavors: r-release-macos-x86_64, r-oldrel-macos-x86_64