Last updated on 2025-01-19 05:49:04 CET.
Flavor | Version | Tinstall | Tcheck | Ttotal | Status | Flags |
---|---|---|---|---|---|---|
r-devel-linux-x86_64-debian-clang | 1.0.5 | 2.42 | 34.62 | 37.04 | OK | |
r-devel-linux-x86_64-debian-gcc | 1.0.5 | 2.14 | 25.98 | 28.12 | OK | |
r-devel-linux-x86_64-fedora-clang | 1.0.5 | 57.15 | OK | |||
r-devel-linux-x86_64-fedora-gcc | 1.0.5 | 54.78 | OK | |||
r-devel-windows-x86_64 | 1.0.5 | 4.00 | 54.00 | 58.00 | OK | |
r-patched-linux-x86_64 | 1.0.5 | 2.60 | 30.82 | 33.42 | OK | |
r-release-linux-x86_64 | 1.0.5 | 2.64 | 30.61 | 33.25 | OK | |
r-release-macos-arm64 | 1.0.5 | 21.00 | OK | |||
r-release-macos-x86_64 | 1.0.5 | 32.00 | OK | |||
r-release-windows-x86_64 | 1.0.5 | 5.00 | 51.00 | 56.00 | NOTE | |
r-oldrel-macos-arm64 | 1.0.5 | 22.00 | OK | |||
r-oldrel-macos-x86_64 | 1.0.5 | 32.00 | OK | |||
r-oldrel-windows-x86_64 | 1.0.5 | 4.00 | 58.00 | 62.00 | NOTE |
Version: 1.0.5
Check: package dependencies
Result: NOTE
Package suggested but not available for checking: 'doMC'
Flavors: r-release-windows-x86_64, r-oldrel-windows-x86_64