CRAN Package Check Results for Package BrokenAdaptiveRidge

Last updated on 2025-01-19 05:49:04 CET.

Flavor Version Tinstall Tcheck Ttotal Status Flags
r-devel-linux-x86_64-debian-clang 1.0.0 9.17 71.50 80.67 NOTE
r-devel-linux-x86_64-debian-gcc 1.0.0 7.13 52.63 59.76 NOTE
r-devel-linux-x86_64-fedora-clang 1.0.0 144.14 OK
r-devel-linux-x86_64-fedora-gcc 1.0.0 121.81 OK
r-devel-windows-x86_64 1.0.0 9.00 77.00 86.00 NOTE
r-patched-linux-x86_64 1.0.0 15.42 66.07 81.49 OK
r-release-linux-x86_64 1.0.0 7.30 66.12 73.42 OK
r-release-macos-arm64 1.0.0 38.00 OK
r-release-macos-x86_64 1.0.0 94.00 OK
r-release-windows-x86_64 1.0.0 9.00 76.00 85.00 OK
r-oldrel-macos-arm64 1.0.0 38.00 OK
r-oldrel-macos-x86_64 1.0.0 65.00 OK
r-oldrel-windows-x86_64 1.0.0 13.00 96.00 109.00 OK

Check Details

Version: 1.0.0
Check: Rd cross-references
Result: NOTE Found the following Rd file(s) with Rd \link{} targets missing package anchors: createBarPrior.Rd: fitCyclopsModel createFastBarPrior.Rd: fitCyclopsModel Please provide package anchors for all Rd \link{} targets not in the package itself and the base packages. Flavors: r-devel-linux-x86_64-debian-clang, r-devel-linux-x86_64-debian-gcc, r-devel-windows-x86_64