Last updated on 2025-01-19 05:49:05 CET.
Flavor | Version | Tinstall | Tcheck | Ttotal | Status | Flags |
---|---|---|---|---|---|---|
r-devel-linux-x86_64-debian-clang | 2.0.1 | 30.63 | 26.49 | 57.12 | NOTE | |
r-devel-linux-x86_64-debian-gcc | 2.0.1 | 24.23 | 21.57 | 45.80 | NOTE | |
r-devel-linux-x86_64-fedora-clang | 2.0.1 | 103.78 | NOTE | |||
r-devel-linux-x86_64-fedora-gcc | 2.0.1 | 112.78 | NOTE | |||
r-devel-windows-x86_64 | 2.0.1 | 36.00 | 71.00 | 107.00 | NOTE | |
r-patched-linux-x86_64 | 2.0.1 | 34.10 | 25.76 | 59.86 | NOTE | |
r-release-linux-x86_64 | 2.0.1 | 33.08 | 26.29 | 59.37 | NOTE | |
r-release-macos-arm64 | 2.0.1 | 31.00 | NOTE | |||
r-release-macos-x86_64 | 2.0.1 | 42.00 | NOTE | |||
r-release-windows-x86_64 | 2.0.1 | 37.00 | 65.00 | 102.00 | NOTE | |
r-oldrel-macos-arm64 | 2.0.1 | 34.00 | NOTE | |||
r-oldrel-macos-x86_64 | 2.0.1 | 55.00 | NOTE | |||
r-oldrel-windows-x86_64 | 2.0.1 | 41.00 | 78.00 | 119.00 | NOTE |
Version: 2.0.1
Check: C++ specification
Result: NOTE
Specified C++11: please drop specification unless essential
Flavors: r-devel-linux-x86_64-debian-clang, r-devel-linux-x86_64-debian-gcc, r-devel-linux-x86_64-fedora-clang, r-devel-linux-x86_64-fedora-gcc, r-devel-windows-x86_64, r-patched-linux-x86_64, r-release-linux-x86_64, r-release-macos-arm64, r-release-macos-x86_64, r-release-windows-x86_64, r-oldrel-macos-arm64, r-oldrel-macos-x86_64, r-oldrel-windows-x86_64
Version: 2.0.1
Check: installed package size
Result: NOTE
installed size is 5.1Mb
sub-directories of 1Mb or more:
libs 5.0Mb
Flavor: r-oldrel-macos-arm64