CRAN Package Check Results for Package BusinessDuration

Last updated on 2025-01-19 05:49:05 CET.

Flavor Version Tinstall Tcheck Ttotal Status Flags
r-devel-linux-x86_64-debian-clang 0.2.0 1.96 16.97 18.93 OK
r-devel-linux-x86_64-debian-gcc 0.2.0 1.55 13.96 15.51 OK
r-devel-linux-x86_64-fedora-clang 0.2.0 31.51 OK
r-devel-linux-x86_64-fedora-gcc 0.2.0 29.07 OK
r-devel-windows-x86_64 0.2.0 4.00 39.00 43.00 OK
r-patched-linux-x86_64 0.2.0 1.88 16.16 18.04 NOTE
r-release-linux-x86_64 0.2.0 1.45 16.08 17.53 NOTE
r-release-macos-arm64 0.2.0 14.00 NOTE
r-release-macos-x86_64 0.2.0 21.00 NOTE
r-release-windows-x86_64 0.2.0 3.00 40.00 43.00 NOTE
r-oldrel-macos-arm64 0.2.0 15.00 NOTE
r-oldrel-macos-x86_64 0.2.0 19.00 NOTE
r-oldrel-windows-x86_64 0.2.0 2.00 41.00 43.00 NOTE

Check Details

Version: 0.2.0
Check: LazyData
Result: NOTE 'LazyData' is specified without a 'data' directory Flavors: r-patched-linux-x86_64, r-release-linux-x86_64, r-release-macos-arm64, r-release-macos-x86_64, r-release-windows-x86_64, r-oldrel-macos-arm64, r-oldrel-macos-x86_64, r-oldrel-windows-x86_64