CRAN Package Check Results for Package BuyseTest

Last updated on 2020-06-03 12:49:02 CEST.

Flavor Version Tinstall Tcheck Ttotal Status Flags
r-devel-linux-x86_64-debian-clang 2.1.3 69.12 259.07 328.19 OK
r-devel-linux-x86_64-debian-gcc 2.1.3 58.99 259.96 318.95 OK
r-devel-linux-x86_64-fedora-clang 2.1.3 362.72 NOTE
r-devel-linux-x86_64-fedora-gcc 2.1.3 364.35 OK
r-devel-windows-ix86+x86_64 2.1.3 156.00 176.00 332.00 OK --no-examples --no-tests --no-vignettes
r-patched-linux-x86_64 2.1.3 63.67 256.20 319.87 OK
r-patched-solaris-x86 2.1.3 330.60 OK
r-release-linux-x86_64 2.1.3 64.28 240.45 304.73 OK
r-release-osx-x86_64 2.1.3 NOTE
r-release-windows-ix86+x86_64 2.1.3 115.00 130.00 245.00 OK --no-examples --no-tests --no-vignettes
r-oldrel-osx-x86_64 2.1.3 NOTE
r-oldrel-windows-ix86+x86_64 2.1.3 120.00 134.00 254.00 OK --no-examples --no-tests --no-vignettes

Check Details

Version: 2.1.3
Check: installed package size
Result: NOTE
     installed size is 7.0Mb
     sub-directories of 1Mb or more:
     libs 5.9Mb
Flavors: r-devel-linux-x86_64-fedora-clang, r-release-osx-x86_64, r-oldrel-osx-x86_64