Last updated on 2025-01-19 05:49:05 CET.
Flavor | Version | Tinstall | Tcheck | Ttotal | Status | Flags |
---|---|---|---|---|---|---|
r-devel-linux-x86_64-debian-clang | 3.0.5 | 96.99 | 282.72 | 379.71 | OK | |
r-devel-linux-x86_64-debian-gcc | 3.0.5 | 68.61 | 190.80 | 259.41 | OK | |
r-devel-linux-x86_64-fedora-clang | 3.0.5 | 579.08 | OK | |||
r-devel-linux-x86_64-fedora-gcc | 3.0.5 | 621.32 | OK | |||
r-devel-windows-x86_64 | 3.0.5 | 88.00 | 144.00 | 232.00 | OK | --no-examples --no-tests --no-vignettes |
r-patched-linux-x86_64 | 3.0.5 | 91.65 | 237.74 | 329.39 | OK | |
r-release-linux-x86_64 | 3.0.5 | 94.80 | 242.59 | 337.39 | OK | |
r-release-macos-arm64 | 3.0.5 | 99.00 | NOTE | |||
r-release-macos-x86_64 | 3.0.5 | 177.00 | NOTE | |||
r-release-windows-x86_64 | 3.0.5 | 87.00 | 146.00 | 233.00 | OK | --no-examples --no-tests --no-vignettes |
r-oldrel-macos-arm64 | 3.0.5 | 129.00 | NOTE | |||
r-oldrel-macos-x86_64 | 3.0.5 | 240.00 | NOTE | |||
r-oldrel-windows-x86_64 | 3.0.5 | 116.00 | 145.00 | 261.00 | OK | --no-examples --no-tests --no-vignettes |
Version: 3.0.5
Check: installed package size
Result: NOTE
installed size is 8.3Mb
sub-directories of 1Mb or more:
libs 6.9Mb
Flavors: r-release-macos-arm64, r-release-macos-x86_64, r-oldrel-macos-arm64, r-oldrel-macos-x86_64