Last updated on 2024-04-25 18:49:20 CEST.
Flavor | Version | Tinstall | Tcheck | Ttotal | Status | Flags |
---|---|---|---|---|---|---|
r-devel-linux-x86_64-debian-clang | 3.0.2 | 122.95 | 307.38 | 430.33 | OK | |
r-devel-linux-x86_64-debian-gcc | 3.0.2 | 107.94 | 243.89 | 351.83 | OK | |
r-devel-linux-x86_64-fedora-clang | 3.0.2 | 570.40 | OK | |||
r-devel-linux-x86_64-fedora-gcc | 3.0.2 | 591.82 | OK | |||
r-devel-windows-x86_64 | 3.0.2 | 100.00 | 138.00 | 238.00 | OK | --no-examples --no-tests --no-vignettes |
r-patched-linux-x86_64 | 3.0.2 | 124.37 | 309.95 | 434.32 | OK | |
r-release-linux-x86_64 | 3.0.2 | 119.34 | 320.08 | 439.42 | OK | |
r-release-macos-arm64 | 3.0.2 | 137.00 | NOTE | |||
r-release-macos-x86_64 | 3.0.2 | 285.00 | NOTE | |||
r-release-windows-x86_64 | 3.0.2 | 100.00 | 138.00 | 238.00 | OK | --no-examples --no-tests --no-vignettes |
r-oldrel-macos-arm64 | 3.0.2 | 138.00 | NOTE | |||
r-oldrel-macos-x86_64 | 3.0.2 | 311.00 | NOTE | |||
r-oldrel-windows-x86_64 | 3.0.2 | 128.00 | 235.00 | 363.00 | OK | --no-examples --no-tests --no-vignettes |
Version: 3.0.2
Check: installed package size
Result: NOTE
installed size is 8.3Mb
sub-directories of 1Mb or more:
libs 6.9Mb
Flavors: r-release-macos-arm64, r-release-macos-x86_64, r-oldrel-macos-arm64, r-oldrel-macos-x86_64