Last updated on 2025-02-08 20:48:19 CET.
Flavor | Version | Tinstall | Tcheck | Ttotal | Status | Flags |
---|---|---|---|---|---|---|
r-devel-linux-x86_64-debian-clang | 0.1 | 47.13 | 211.88 | 259.01 | OK | |
r-devel-linux-x86_64-debian-gcc | 0.1 | 36.51 | 131.38 | 167.89 | OK | |
r-devel-linux-x86_64-fedora-clang | 0.1 | 438.54 | NOTE | |||
r-devel-linux-x86_64-fedora-gcc | 0.1 | 421.25 | NOTE | |||
r-devel-windows-x86_64 | 0.1 | 61.00 | 200.00 | 261.00 | OK | |
r-patched-linux-x86_64 | 0.1 | 48.39 | 197.39 | 245.78 | OK | |
r-release-linux-x86_64 | 0.1 | 46.11 | 199.17 | 245.28 | OK | |
r-release-macos-arm64 | 0.1 | 111.00 | NOTE | |||
r-release-macos-x86_64 | 0.1 | 311.00 | NOTE | |||
r-release-windows-x86_64 | 0.1 | 61.00 | 205.00 | 266.00 | NOTE | |
r-oldrel-macos-arm64 | 0.1 | 127.00 | NOTE | |||
r-oldrel-macos-x86_64 | 0.1 | 282.00 | NOTE | |||
r-oldrel-windows-x86_64 | 0.1 | 60.00 | 269.00 | 329.00 | NOTE |
Version: 0.1
Check: dependencies in R code
Result: NOTE
Namespace in Imports field not imported from: ‘R6’
All declared Imports should be used.
Flavors: r-devel-linux-x86_64-fedora-clang, r-devel-linux-x86_64-fedora-gcc
Version: 0.1
Check: installed package size
Result: NOTE
installed size is 11.9Mb
sub-directories of 1Mb or more:
data 10.1Mb
Flavors: r-release-macos-arm64, r-release-macos-x86_64, r-release-windows-x86_64, r-oldrel-macos-arm64, r-oldrel-macos-x86_64, r-oldrel-windows-x86_64