Last updated on 2024-04-17 13:57:23 CEST.
Flavor | Version | Tinstall | Tcheck | Ttotal | Status | Flags |
---|---|---|---|---|---|---|
r-devel-linux-x86_64-debian-clang | 4.0 | 107.52 | 326.14 | 433.66 | OK | |
r-devel-linux-x86_64-debian-gcc | 4.0 | 89.49 | 228.83 | 318.32 | OK | |
r-devel-linux-x86_64-fedora-clang | 4.0 | 532.04 | OK | |||
r-devel-linux-x86_64-fedora-gcc | 4.0 | 543.92 | OK | |||
r-prerel-macos-arm64 | 4.0 | 133.00 | NOTE | |||
r-prerel-windows-x86_64 | 4.0 | 74.00 | 233.00 | 307.00 | OK | |
r-patched-linux-x86_64 | 4.0 | 79.02 | 305.56 | 384.58 | OK | |
r-release-linux-x86_64 | 4.0 | 82.67 | 303.67 | 386.34 | OK | |
r-release-macos-arm64 | 4.0 | 176.00 | NOTE | |||
r-release-macos-x86_64 | 4.0 | 298.00 | NOTE | |||
r-release-windows-x86_64 | 4.0 | 101.00 | 320.00 | 421.00 | OK | |
r-oldrel-macos-arm64 | 4.0 | 139.00 | NOTE | |||
r-oldrel-windows-x86_64 | 4.0 | 97.00 | 323.00 | 420.00 | OK |
Version: 4.0
Check: installed package size
Result: NOTE
installed size is 8.1Mb
sub-directories of 1Mb or more:
R 1.0Mb
libs 5.9Mb
Flavors: r-prerel-macos-arm64, r-release-macos-arm64, r-release-macos-x86_64, r-oldrel-macos-arm64