CRAN Package Check Results for Package CARS

Last updated on 2020-09-24 12:50:37 CEST.

Flavor Version Tinstall Tcheck Ttotal Status Flags
r-devel-linux-x86_64-debian-clang 0.2.2 9.38 344.34 353.72 NOTE
r-devel-linux-x86_64-debian-gcc 0.2.2 7.15 236.97 244.12 NOTE
r-devel-linux-x86_64-fedora-clang 0.2.2 422.82 OK
r-devel-linux-x86_64-fedora-gcc 0.2.2 460.12 OK
r-devel-windows-ix86+x86_64 0.2.2 19.00 536.00 555.00 NOTE
r-patched-linux-x86_64 0.2.2 9.29 334.19 343.48 NOTE
r-patched-solaris-x86 0.2.2 766.50 OK
r-release-linux-x86_64 0.2.2 9.18 343.26 352.44 NOTE
r-release-macos-x86_64 0.2.2 OK
r-release-windows-ix86+x86_64 0.2.2 28.00 552.00 580.00 NOTE
r-oldrel-macos-x86_64 0.2.2 OK
r-oldrel-windows-ix86+x86_64 0.2.2 11.00 520.00 531.00 OK

Check Details

Version: 0.2.2
Check: package vignettes
Result: NOTE
    Package vignette with placeholder title 'Vignette Title':
     'Vignette.Rmd'
Flavors: r-devel-linux-x86_64-debian-clang, r-devel-linux-x86_64-debian-gcc, r-devel-windows-ix86+x86_64, r-patched-linux-x86_64, r-release-linux-x86_64, r-release-windows-ix86+x86_64