CRAN Package Check Results for Package CASMAP

Last updated on 2025-01-19 05:49:05 CET.

Flavor Version Tinstall Tcheck Ttotal Status Flags
r-devel-linux-x86_64-debian-clang 0.6.1 41.94 33.92 75.86 NOTE
r-devel-linux-x86_64-debian-gcc 0.6.1 32.88 26.05 58.93 NOTE
r-devel-linux-x86_64-fedora-clang 0.6.1 172.25 NOTE
r-devel-linux-x86_64-fedora-gcc 0.6.1 158.73 NOTE
r-devel-windows-x86_64 0.6.1 58.00 93.00 151.00 NOTE
r-patched-linux-x86_64 0.6.1 45.75 31.79 77.54 NOTE
r-release-linux-x86_64 0.6.1 44.09 32.18 76.27 NOTE
r-release-macos-arm64 0.6.1 46.00 NOTE
r-release-macos-x86_64 0.6.1 59.00 NOTE
r-release-windows-x86_64 0.6.1 57.00 88.00 145.00 NOTE
r-oldrel-macos-arm64 0.6.1 48.00 NOTE
r-oldrel-macos-x86_64 0.6.1 86.00 NOTE
r-oldrel-windows-x86_64 0.6.1 63.00 96.00 159.00 NOTE

Check Details

Version: 0.6.1
Check: C++ specification
Result: NOTE Specified C++11: please drop specification unless essential Flavors: r-devel-linux-x86_64-debian-clang, r-devel-linux-x86_64-debian-gcc, r-devel-linux-x86_64-fedora-clang, r-devel-linux-x86_64-fedora-gcc, r-devel-windows-x86_64, r-patched-linux-x86_64, r-release-linux-x86_64, r-release-macos-arm64, r-release-macos-x86_64, r-release-windows-x86_64, r-oldrel-macos-arm64, r-oldrel-macos-x86_64, r-oldrel-windows-x86_64

Version: 0.6.1
Check: LazyData
Result: NOTE 'LazyData' is specified without a 'data' directory Flavors: r-patched-linux-x86_64, r-release-linux-x86_64, r-release-macos-arm64, r-release-macos-x86_64, r-release-windows-x86_64, r-oldrel-macos-arm64, r-oldrel-macos-x86_64, r-oldrel-windows-x86_64

Version: 0.6.1
Check: installed package size
Result: NOTE installed size is 5.6Mb sub-directories of 1Mb or more: libs 4.8Mb Flavors: r-release-macos-arm64, r-release-macos-x86_64, r-oldrel-macos-arm64, r-oldrel-macos-x86_64