CRAN Package Check Results for Package CATT

Last updated on 2025-01-19 05:49:05 CET.

Flavor Version Tinstall Tcheck Ttotal Status Flags
r-devel-linux-x86_64-debian-clang 2.0 1.62 15.75 17.37 OK
r-devel-linux-x86_64-debian-gcc 2.0 1.32 13.59 14.91 OK
r-devel-linux-x86_64-fedora-clang 2.0 28.56 OK
r-devel-linux-x86_64-fedora-gcc 2.0 26.95 OK
r-devel-windows-x86_64 2.0 2.00 37.00 39.00 OK
r-patched-linux-x86_64 2.0 1.59 15.22 16.81 NOTE
r-release-linux-x86_64 2.0 1.38 15.15 16.53 NOTE
r-release-macos-arm64 2.0 14.00 NOTE
r-release-macos-x86_64 2.0 22.00 NOTE
r-release-windows-x86_64 2.0 2.00 36.00 38.00 NOTE
r-oldrel-macos-arm64 2.0 15.00 NOTE
r-oldrel-macos-x86_64 2.0 18.00 NOTE
r-oldrel-windows-x86_64 2.0 3.00 36.00 39.00 NOTE

Check Details

Version: 2.0
Check: LazyData
Result: NOTE 'LazyData' is specified without a 'data' directory Flavors: r-patched-linux-x86_64, r-release-linux-x86_64, r-release-macos-arm64, r-release-macos-x86_64, r-release-windows-x86_64, r-oldrel-macos-arm64, r-oldrel-macos-x86_64, r-oldrel-windows-x86_64