CRAN Package Check Results for Package CB2

Last updated on 2025-01-19 05:49:05 CET.

Flavor Version Tinstall Tcheck Ttotal Status Flags
r-devel-linux-x86_64-debian-clang 1.3.4 28.03 81.99 110.02 NOTE
r-devel-linux-x86_64-debian-gcc 1.3.4 20.12 57.27 77.39 NOTE
r-devel-linux-x86_64-fedora-clang 1.3.4 186.79 NOTE
r-devel-linux-x86_64-fedora-gcc 1.3.4 194.52 NOTE
r-devel-windows-x86_64 1.3.4 35.00 199.00 234.00 NOTE
r-patched-linux-x86_64 1.3.4 31.38 74.49 105.87 NOTE
r-release-linux-x86_64 1.3.4 30.55 73.69 104.24 NOTE
r-release-macos-arm64 1.3.4 58.00 NOTE
r-release-macos-x86_64 1.3.4 151.00 NOTE
r-release-windows-x86_64 1.3.4 34.00 206.00 240.00 NOTE
r-oldrel-macos-arm64 1.3.4 59.00 NOTE
r-oldrel-macos-x86_64 1.3.4 99.00 NOTE
r-oldrel-windows-x86_64 1.3.4 35.00 247.00 282.00 NOTE

Check Details

Version: 1.3.4
Check: C++ specification
Result: NOTE Specified C++11: please drop specification unless essential Flavors: r-devel-linux-x86_64-debian-clang, r-devel-linux-x86_64-debian-gcc, r-devel-linux-x86_64-fedora-clang, r-devel-linux-x86_64-fedora-gcc, r-devel-windows-x86_64, r-patched-linux-x86_64, r-release-linux-x86_64, r-release-macos-arm64, r-release-macos-x86_64, r-release-windows-x86_64, r-oldrel-macos-arm64, r-oldrel-macos-x86_64, r-oldrel-windows-x86_64

Version: 1.3.4
Check: installed package size
Result: NOTE installed size is 6.3Mb sub-directories of 1Mb or more: data 1.6Mb extdata 1.1Mb libs 3.1Mb Flavors: r-release-macos-arm64, r-release-macos-x86_64, r-oldrel-macos-arm64, r-oldrel-macos-x86_64