Last updated on 2025-01-19 05:49:05 CET.
Flavor | Version | Tinstall | Tcheck | Ttotal | Status | Flags |
---|---|---|---|---|---|---|
r-devel-linux-x86_64-debian-clang | 0.2.1 | 41.47 | 28.56 | 70.03 | OK | |
r-devel-linux-x86_64-debian-gcc | 0.2.1 | 29.50 | 22.68 | 52.18 | OK | |
r-devel-linux-x86_64-fedora-clang | 0.2.1 | 130.15 | OK | |||
r-devel-linux-x86_64-fedora-gcc | 0.2.1 | 131.44 | OK | |||
r-devel-windows-x86_64 | 0.2.1 | 44.00 | 68.00 | 112.00 | OK | |
r-patched-linux-x86_64 | 0.2.1 | 40.28 | 28.09 | 68.37 | OK | |
r-release-linux-x86_64 | 0.2.1 | 36.94 | 28.14 | 65.08 | OK | |
r-release-macos-arm64 | 0.2.1 | 43.00 | NOTE | |||
r-release-macos-x86_64 | 0.2.1 | 54.00 | NOTE | |||
r-release-windows-x86_64 | 0.2.1 | 42.00 | 66.00 | 108.00 | NOTE | |
r-oldrel-macos-arm64 | 0.2.1 | 44.00 | NOTE | |||
r-oldrel-macos-x86_64 | 0.2.1 | 60.00 | NOTE | |||
r-oldrel-windows-x86_64 | 0.2.1 | 51.00 | 76.00 | 127.00 | NOTE |
Version: 0.2.1
Check: installed package size
Result: NOTE
installed size is 22.1Mb
sub-directories of 1Mb or more:
doc 16.4Mb
libs 5.6Mb
Flavors: r-release-macos-arm64, r-release-macos-x86_64, r-release-windows-x86_64, r-oldrel-macos-arm64, r-oldrel-macos-x86_64, r-oldrel-windows-x86_64