CRAN Package Check Results for Package CERFIT

Last updated on 2025-01-19 05:49:05 CET.

Flavor Version Tinstall Tcheck Ttotal Status Flags
r-devel-linux-x86_64-debian-clang 0.1.0 29.11 63.54 92.65 NOTE
r-devel-linux-x86_64-debian-gcc 0.1.0 21.69 45.72 67.41 NOTE
r-devel-linux-x86_64-fedora-clang 0.1.0 165.05 NOTE
r-devel-linux-x86_64-fedora-gcc 0.1.0 164.00 NOTE
r-devel-windows-x86_64 0.1.0 35.00 94.00 129.00 NOTE
r-patched-linux-x86_64 0.1.0 29.00 58.20 87.20 NOTE
r-release-linux-x86_64 0.1.0 28.97 59.18 88.15 NOTE
r-release-macos-arm64 0.1.0 41.00 NOTE
r-release-macos-x86_64 0.1.0 69.00 NOTE
r-release-windows-x86_64 0.1.0 35.00 92.00 127.00 NOTE
r-oldrel-macos-arm64 0.1.0 48.00 NOTE
r-oldrel-macos-x86_64 0.1.0 79.00 NOTE
r-oldrel-windows-x86_64 0.1.0 35.00 113.00 148.00 NOTE

Check Details

Version: 0.1.0
Check: C++ specification
Result: NOTE Specified C++11: please drop specification unless essential Flavors: r-devel-linux-x86_64-debian-clang, r-devel-linux-x86_64-debian-gcc, r-devel-linux-x86_64-fedora-clang, r-devel-linux-x86_64-fedora-gcc, r-devel-windows-x86_64, r-patched-linux-x86_64, r-release-linux-x86_64, r-release-macos-arm64, r-release-macos-x86_64, r-release-windows-x86_64, r-oldrel-macos-arm64, r-oldrel-macos-x86_64, r-oldrel-windows-x86_64