Last updated on 2025-01-19 05:49:05 CET.
Flavor | Version | Tinstall | Tcheck | Ttotal | Status | Flags |
---|---|---|---|---|---|---|
r-devel-linux-x86_64-debian-clang | 0.3.3 | 3.91 | 42.13 | 46.04 | OK | |
r-devel-linux-x86_64-debian-gcc | 0.3.3 | 2.95 | 28.59 | 31.54 | OK | |
r-devel-linux-x86_64-fedora-clang | 0.3.3 | 82.09 | OK | |||
r-devel-linux-x86_64-fedora-gcc | 0.3.3 | 70.32 | OK | |||
r-devel-windows-x86_64 | 0.3.3 | 6.00 | 68.00 | 74.00 | OK | |
r-patched-linux-x86_64 | 0.3.3 | 5.06 | 39.33 | 44.39 | NOTE | |
r-release-linux-x86_64 | 0.3.3 | 3.79 | 39.62 | 43.41 | NOTE | |
r-release-macos-arm64 | 0.3.3 | 23.00 | NOTE | |||
r-release-macos-x86_64 | 0.3.3 | 41.00 | NOTE | |||
r-release-windows-x86_64 | 0.3.3 | 6.00 | 66.00 | 72.00 | NOTE | |
r-oldrel-macos-arm64 | 0.3.3 | 22.00 | NOTE | |||
r-oldrel-macos-x86_64 | 0.3.3 | 39.00 | NOTE | |||
r-oldrel-windows-x86_64 | 0.3.3 | 10.00 | 76.00 | 86.00 | NOTE |
Version: 0.3.3
Check: LazyData
Result: NOTE
'LazyData' is specified without a 'data' directory
Flavors: r-patched-linux-x86_64, r-release-linux-x86_64, r-release-macos-arm64, r-release-macos-x86_64, r-release-windows-x86_64, r-oldrel-macos-arm64, r-oldrel-macos-x86_64, r-oldrel-windows-x86_64