CRAN Package Check Results for Package CIEE

Last updated on 2025-01-19 05:49:05 CET.

Flavor Version Tinstall Tcheck Ttotal Status Flags
r-devel-linux-x86_64-debian-clang 0.1.1 3.20 50.72 53.92 OK
r-devel-linux-x86_64-debian-gcc 0.1.1 2.13 36.62 38.75 OK
r-devel-linux-x86_64-fedora-clang 0.1.1 93.34 OK
r-devel-linux-x86_64-fedora-gcc 0.1.1 96.41 OK
r-devel-windows-x86_64 0.1.1 4.00 76.00 80.00 OK
r-patched-linux-x86_64 0.1.1 2.86 44.72 47.58 NOTE
r-release-linux-x86_64 0.1.1 2.77 47.89 50.66 NOTE
r-release-macos-arm64 0.1.1 35.00 NOTE
r-release-macos-x86_64 0.1.1 51.00 NOTE
r-release-windows-x86_64 0.1.1 4.00 76.00 80.00 NOTE
r-oldrel-macos-arm64 0.1.1 34.00 NOTE
r-oldrel-macos-x86_64 0.1.1 53.00 NOTE
r-oldrel-windows-x86_64 0.1.1 5.00 83.00 88.00 NOTE

Check Details

Version: 0.1.1
Check: LazyData
Result: NOTE 'LazyData' is specified without a 'data' directory Flavors: r-patched-linux-x86_64, r-release-linux-x86_64, r-release-macos-arm64, r-release-macos-x86_64, r-release-windows-x86_64, r-oldrel-macos-arm64, r-oldrel-macos-x86_64, r-oldrel-windows-x86_64