Last updated on 2024-05-01 16:52:49 CEST.
Flavor | Version | Tinstall | Tcheck | Ttotal | Status | Flags |
---|---|---|---|---|---|---|
r-devel-linux-x86_64-debian-clang | 0.1.3 | 12.15 | 92.43 | 104.58 | OK | |
r-devel-linux-x86_64-debian-gcc | 0.1.3 | 7.23 | 68.34 | 75.57 | OK | |
r-devel-linux-x86_64-fedora-clang | 0.1.3 | 131.66 | NOTE | |||
r-devel-linux-x86_64-fedora-gcc | 0.1.3 | 119.12 | NOTE | |||
r-devel-windows-x86_64 | 0.1.3 | 11.00 | 84.00 | 95.00 | OK | |
r-patched-linux-x86_64 | 0.1.3 | 6.38 | 88.92 | 95.30 | OK | |
r-release-linux-x86_64 | 0.1.3 | 9.76 | 88.57 | 98.33 | OK | |
r-release-macos-arm64 | 0.1.3 | 41.00 | OK | |||
r-release-windows-x86_64 | 0.1.3 | 10.00 | 86.00 | 96.00 | OK | |
r-oldrel-macos-arm64 | 0.1.3 | 42.00 | OK | |||
r-oldrel-macos-x86_64 | 0.1.3 | 59.00 | OK | |||
r-oldrel-windows-x86_64 | 0.1.3 | 13.00 | 100.00 | 113.00 | OK |
Version: 0.1.3
Check: data for non-ASCII characters
Result: NOTE
Note: found 28982 marked UTF-8 strings
Flavors: r-devel-linux-x86_64-fedora-clang, r-devel-linux-x86_64-fedora-gcc