Last updated on 2025-01-19 05:49:05 CET.
Flavor | Version | Tinstall | Tcheck | Ttotal | Status | Flags |
---|---|---|---|---|---|---|
r-devel-linux-x86_64-debian-clang | 0.1.0 | 4.78 | 57.77 | 62.55 | OK | |
r-devel-linux-x86_64-debian-gcc | 0.1.0 | 2.81 | 38.33 | 41.14 | OK | |
r-devel-linux-x86_64-fedora-clang | 0.1.0 | 105.77 | NOTE | |||
r-devel-linux-x86_64-fedora-gcc | 0.1.0 | 91.29 | NOTE | |||
r-devel-windows-x86_64 | 0.1.0 | 7.00 | 70.00 | 77.00 | OK | |
r-patched-linux-x86_64 | 0.1.0 | 4.70 | 53.28 | 57.98 | OK | |
r-release-linux-x86_64 | 0.1.0 | 4.71 | 53.22 | 57.93 | OK | |
r-release-macos-arm64 | 0.1.0 | 26.00 | OK | |||
r-release-macos-x86_64 | 0.1.0 | 58.00 | OK | |||
r-release-windows-x86_64 | 0.1.0 | 5.00 | 69.00 | 74.00 | OK | |
r-oldrel-macos-arm64 | 0.1.0 | 31.00 | OK | |||
r-oldrel-macos-x86_64 | 0.1.0 | 48.00 | OK | |||
r-oldrel-windows-x86_64 | 0.1.0 | 6.00 | 81.00 | 87.00 | OK |
Version: 0.1.0
Check: dependencies in R code
Result: NOTE
Namespace in Imports field not imported from: ‘RColorBrewer’
All declared Imports should be used.
Flavors: r-devel-linux-x86_64-fedora-clang, r-devel-linux-x86_64-fedora-gcc