Last updated on 2024-05-04 14:48:12 CEST.
Flavor | Version | Tinstall | Tcheck | Ttotal | Status | Flags |
---|---|---|---|---|---|---|
r-devel-linux-x86_64-debian-clang | 1.0 | 7.69 | 67.71 | 75.40 | NOTE | |
r-devel-linux-x86_64-debian-gcc | 1.0 | 5.93 | 48.45 | 54.38 | NOTE | |
r-devel-linux-x86_64-fedora-clang | 1.0 | 93.30 | NOTE | |||
r-devel-linux-x86_64-fedora-gcc | 1.0 | 86.43 | NOTE | |||
r-devel-windows-x86_64 | 1.0 | 7.00 | 65.00 | 72.00 | NOTE | |
r-patched-linux-x86_64 | 1.0 | 5.90 | 61.11 | 67.01 | NOTE | |
r-release-linux-x86_64 | 1.0 | 7.57 | 63.02 | 70.59 | NOTE | |
r-release-macos-arm64 | 1.0 | 29.00 | NOTE | |||
r-release-windows-x86_64 | 1.0 | 7.00 | 64.00 | 71.00 | NOTE | |
r-oldrel-macos-arm64 | 1.0 | 35.00 | NOTE | |||
r-oldrel-macos-x86_64 | 1.0 | 50.00 | NOTE | |||
r-oldrel-windows-x86_64 | 1.0 | 10.00 | 73.00 | 83.00 | NOTE |
Version: 1.0
Check: package dependencies
Result: NOTE
Package suggested but not available for checking: ‘userfriendlyscience’
Flavors: r-devel-linux-x86_64-debian-clang, r-devel-linux-x86_64-debian-gcc, r-devel-linux-x86_64-fedora-clang, r-devel-linux-x86_64-fedora-gcc, r-devel-windows-x86_64, r-patched-linux-x86_64, r-release-linux-x86_64, r-release-macos-arm64, r-release-windows-x86_64, r-oldrel-macos-arm64, r-oldrel-macos-x86_64, r-oldrel-windows-x86_64
Version: 1.0
Check: Rd files
Result: NOTE
checkRd: (-1) CIplot.Rd:58: Lost braces; missing escapes or markup?
58 | \item{las}{numeric in {0,1,2,3}; the style of axis labels.
| ^
Flavors: r-devel-linux-x86_64-debian-clang, r-devel-linux-x86_64-debian-gcc, r-devel-linux-x86_64-fedora-clang, r-devel-linux-x86_64-fedora-gcc, r-devel-windows-x86_64, r-patched-linux-x86_64, r-release-linux-x86_64, r-release-macos-arm64, r-release-windows-x86_64