CRAN Package Check Results for Package CJAMP

Last updated on 2025-01-19 05:49:05 CET.

Flavor Version Tinstall Tcheck Ttotal Status Flags
r-devel-linux-x86_64-debian-clang 0.1.1 3.30 106.33 109.63 OK
r-devel-linux-x86_64-debian-gcc 0.1.1 2.22 65.77 67.99 OK
r-devel-linux-x86_64-fedora-clang 0.1.1 190.86 OK
r-devel-linux-x86_64-fedora-gcc 0.1.1 193.47 OK
r-devel-windows-x86_64 0.1.1 6.00 129.00 135.00 OK
r-patched-linux-x86_64 0.1.1 3.36 99.56 102.92 NOTE
r-release-linux-x86_64 0.1.1 3.12 100.56 103.68 NOTE
r-release-macos-arm64 0.1.1 49.00 NOTE
r-release-macos-x86_64 0.1.1 86.00 NOTE
r-release-windows-x86_64 0.1.1 5.00 134.00 139.00 NOTE
r-oldrel-macos-arm64 0.1.1 49.00 NOTE
r-oldrel-macos-x86_64 0.1.1 90.00 NOTE
r-oldrel-windows-x86_64 0.1.1 5.00 149.00 154.00 NOTE

Check Details

Version: 0.1.1
Check: LazyData
Result: NOTE 'LazyData' is specified without a 'data' directory Flavors: r-patched-linux-x86_64, r-release-linux-x86_64, r-release-macos-arm64, r-release-macos-x86_64, r-release-windows-x86_64, r-oldrel-macos-arm64, r-oldrel-macos-x86_64, r-oldrel-windows-x86_64