CRAN Package Check Results for Package CKLRT

Last updated on 2025-01-19 05:49:05 CET.

Flavor Version Tinstall Tcheck Ttotal Status Flags
r-devel-linux-x86_64-debian-clang 0.2.3 48.53 63.49 112.02 OK
r-devel-linux-x86_64-debian-gcc 0.2.3 38.93 49.81 88.74 OK
r-devel-linux-x86_64-fedora-clang 0.2.3 181.94 OK
r-devel-linux-x86_64-fedora-gcc 0.2.3 203.76 OK
r-devel-windows-x86_64 0.2.3 45.00 108.00 153.00 OK
r-patched-linux-x86_64 0.2.3 50.87 62.67 113.54 NOTE
r-release-linux-x86_64 0.2.3 54.16 62.89 117.05 NOTE
r-release-macos-arm64 0.2.3 50.00 NOTE
r-release-macos-x86_64 0.2.3 77.00 NOTE
r-release-windows-x86_64 0.2.3 45.00 103.00 148.00 NOTE
r-oldrel-macos-arm64 0.2.3 57.00 NOTE
r-oldrel-macos-x86_64 0.2.3 89.00 NOTE
r-oldrel-windows-x86_64 0.2.3 55.00 120.00 175.00 NOTE

Check Details

Version: 0.2.3
Check: LazyData
Result: NOTE 'LazyData' is specified without a 'data' directory Flavors: r-patched-linux-x86_64, r-release-linux-x86_64, r-release-macos-arm64, r-release-macos-x86_64, r-release-windows-x86_64, r-oldrel-macos-arm64, r-oldrel-macos-x86_64, r-oldrel-windows-x86_64

Version: 0.2.3
Check: installed package size
Result: NOTE installed size is 21.2Mb sub-directories of 1Mb or more: libs 20.9Mb Flavors: r-release-macos-arm64, r-release-macos-x86_64, r-oldrel-macos-arm64, r-oldrel-macos-x86_64