Last updated on 2025-01-19 05:49:05 CET.
Flavor | Version | Tinstall | Tcheck | Ttotal | Status | Flags |
---|---|---|---|---|---|---|
r-devel-linux-x86_64-debian-clang | 0.1.3 | 24.53 | 162.27 | 186.80 | OK | |
r-devel-linux-x86_64-debian-gcc | 0.1.3 | 17.69 | 109.07 | 126.76 | OK | |
r-devel-linux-x86_64-fedora-clang | 0.1.3 | 319.63 | OK | |||
r-devel-linux-x86_64-fedora-gcc | 0.1.3 | 312.10 | OK | |||
r-devel-windows-x86_64 | 0.1.3 | 28.00 | 174.00 | 202.00 | OK | |
r-patched-linux-x86_64 | 0.1.3 | 25.04 | 148.96 | 174.00 | OK | |
r-release-linux-x86_64 | 0.1.3 | 22.60 | 149.81 | 172.41 | OK | |
r-release-macos-arm64 | 0.1.3 | 77.00 | NOTE | |||
r-release-macos-x86_64 | 0.1.3 | 125.00 | NOTE | |||
r-release-windows-x86_64 | 0.1.3 | 29.00 | 172.00 | 201.00 | NOTE | |
r-oldrel-macos-arm64 | 0.1.3 | 99.00 | NOTE | |||
r-oldrel-macos-x86_64 | 0.1.3 | 144.00 | NOTE | |||
r-oldrel-windows-x86_64 | 0.1.3 | 36.00 | 215.00 | 251.00 | NOTE |
Version: 0.1.3
Check: installed package size
Result: NOTE
installed size is 7.0Mb
sub-directories of 1Mb or more:
data 1.1Mb
doc 3.5Mb
libs 1.2Mb
Flavors: r-release-macos-arm64, r-release-macos-x86_64, r-release-windows-x86_64, r-oldrel-macos-arm64, r-oldrel-macos-x86_64, r-oldrel-windows-x86_64