Last updated on 2025-01-19 05:49:05 CET.
Flavor | Version | Tinstall | Tcheck | Ttotal | Status | Flags |
---|---|---|---|---|---|---|
r-devel-linux-x86_64-debian-clang | 0.11.2 | 135.51 | 264.53 | 400.04 | OK | |
r-devel-linux-x86_64-debian-gcc | 0.11.2 | 99.15 | 230.20 | 329.35 | OK | |
r-devel-linux-x86_64-fedora-clang | 0.11.2 | 679.75 | OK | |||
r-devel-linux-x86_64-fedora-gcc | 0.11.2 | 791.89 | OK | |||
r-devel-windows-x86_64 | 0.11.2 | 138.00 | 323.00 | 461.00 | OK | |
r-patched-linux-x86_64 | 0.11.2 | 140.66 | 371.47 | 512.13 | OK | |
r-release-linux-x86_64 | 0.11.2 | 137.30 | 346.63 | 483.93 | OK | |
r-release-macos-arm64 | 0.11.2 | 159.00 | NOTE | |||
r-release-macos-x86_64 | 0.11.2 | 276.00 | NOTE | |||
r-release-windows-x86_64 | 0.11.2 | 138.00 | 330.00 | 468.00 | OK | |
r-oldrel-macos-arm64 | 0.11.2 | 157.00 | NOTE | |||
r-oldrel-macos-x86_64 | 0.11.2 | 285.00 | NOTE | |||
r-oldrel-windows-x86_64 | 0.11.2 | 156.00 | 389.00 | 545.00 | OK |
Version: 0.11.2
Check: installed package size
Result: NOTE
installed size is 17.3Mb
sub-directories of 1Mb or more:
libs 15.6Mb
Flavors: r-release-macos-arm64, r-release-macos-x86_64, r-oldrel-macos-arm64, r-oldrel-macos-x86_64