Last updated on 2025-01-19 05:49:05 CET.
Flavor | Version | Tinstall | Tcheck | Ttotal | Status | Flags |
---|---|---|---|---|---|---|
r-devel-linux-x86_64-debian-clang | 0.1.0 | 25.59 | 248.39 | 273.98 | OK | |
r-devel-linux-x86_64-debian-gcc | 0.1.0 | 19.61 | 158.10 | 177.71 | OK | |
r-devel-linux-x86_64-fedora-clang | 0.1.0 | 434.74 | OK | |||
r-devel-linux-x86_64-fedora-gcc | 0.1.0 | 421.46 | OK | |||
r-devel-windows-x86_64 | 0.1.0 | 37.00 | 193.00 | 230.00 | OK | |
r-patched-linux-x86_64 | 0.1.0 | 26.10 | 233.36 | 259.46 | OK | |
r-release-linux-x86_64 | 0.1.0 | 25.33 | 228.93 | 254.26 | OK | |
r-release-macos-arm64 | 0.1.0 | 96.00 | NOTE | |||
r-release-macos-x86_64 | 0.1.0 | 154.00 | NOTE | |||
r-release-windows-x86_64 | 0.1.0 | 36.00 | 188.00 | 224.00 | NOTE | |
r-oldrel-macos-arm64 | 0.1.0 | 101.00 | NOTE | |||
r-oldrel-macos-x86_64 | 0.1.0 | 272.00 | NOTE | |||
r-oldrel-windows-x86_64 | 0.1.0 | 42.00 | 263.00 | 305.00 | NOTE |
Version: 0.1.0
Check: installed package size
Result: NOTE
installed size is 48.6Mb
sub-directories of 1Mb or more:
extdata 48.5Mb
Flavors: r-release-macos-arm64, r-release-macos-x86_64, r-release-windows-x86_64, r-oldrel-macos-arm64, r-oldrel-macos-x86_64, r-oldrel-windows-x86_64