Last updated on 2024-05-01 16:52:49 CEST.
Flavor | Version | Tinstall | Tcheck | Ttotal | Status | Flags |
---|---|---|---|---|---|---|
r-devel-linux-x86_64-debian-clang | 0.1.0 | 37.89 | 328.29 | 366.18 | OK | |
r-devel-linux-x86_64-debian-gcc | 0.1.0 | 25.52 | 229.80 | 255.32 | OK | |
r-devel-linux-x86_64-fedora-clang | 0.1.0 | 422.12 | NOTE | |||
r-devel-linux-x86_64-fedora-gcc | 0.1.0 | 414.66 | OK | |||
r-devel-windows-x86_64 | 0.1.0 | 33.00 | 188.00 | 221.00 | NOTE | |
r-patched-linux-x86_64 | 0.1.0 | 26.07 | 304.23 | 330.30 | OK | |
r-release-linux-x86_64 | 0.1.0 | 29.76 | 303.06 | 332.82 | OK | |
r-release-macos-arm64 | 0.1.0 | 96.00 | NOTE | |||
r-release-windows-x86_64 | 0.1.0 | 35.00 | 193.00 | 228.00 | NOTE | |
r-oldrel-macos-arm64 | 0.1.0 | 101.00 | NOTE | |||
r-oldrel-macos-x86_64 | 0.1.0 | 272.00 | NOTE | |||
r-oldrel-windows-x86_64 | 0.1.0 | 45.00 | 260.00 | 305.00 | NOTE |
Version: 0.1.0
Check: installed package size
Result: NOTE
installed size is 48.7Mb
sub-directories of 1Mb or more:
extdata 48.5Mb
Flavors: r-devel-linux-x86_64-fedora-clang, r-devel-windows-x86_64, r-release-macos-arm64, r-release-windows-x86_64, r-oldrel-macos-arm64, r-oldrel-macos-x86_64, r-oldrel-windows-x86_64