Last updated on 2025-01-19 05:49:06 CET.
Flavor | Version | Tinstall | Tcheck | Ttotal | Status | Flags |
---|---|---|---|---|---|---|
r-devel-linux-x86_64-debian-clang | 1.0.0 | 103.92 | 68.08 | 172.00 | NOTE | |
r-devel-linux-x86_64-debian-gcc | 1.0.0 | 79.30 | 47.39 | 126.69 | NOTE | |
r-devel-linux-x86_64-fedora-clang | 1.0.0 | 315.05 | NOTE | |||
r-devel-linux-x86_64-fedora-gcc | 1.0.0 | 356.78 | NOTE | |||
r-devel-windows-x86_64 | 1.0.0 | 108.00 | 102.00 | 210.00 | NOTE | |
r-patched-linux-x86_64 | 1.0.0 | 109.54 | 62.78 | 172.32 | NOTE | |
r-release-linux-x86_64 | 1.0.0 | 111.34 | 62.67 | 174.01 | NOTE | |
r-release-macos-arm64 | 1.0.0 | 76.00 | NOTE | |||
r-release-macos-x86_64 | 1.0.0 | 92.00 | NOTE | |||
r-release-windows-x86_64 | 1.0.0 | 106.00 | 102.00 | 208.00 | NOTE | |
r-oldrel-macos-arm64 | 1.0.0 | 88.00 | NOTE | |||
r-oldrel-macos-x86_64 | 1.0.0 | 156.00 | NOTE | |||
r-oldrel-windows-x86_64 | 1.0.0 | 127.00 | 119.00 | 246.00 | NOTE |
Version: 1.0.0
Check: C++ specification
Result: NOTE
Specified C++11: please drop specification unless essential
Flavors: r-devel-linux-x86_64-debian-clang, r-devel-linux-x86_64-debian-gcc, r-devel-linux-x86_64-fedora-clang, r-devel-linux-x86_64-fedora-gcc, r-devel-windows-x86_64, r-patched-linux-x86_64, r-release-linux-x86_64, r-release-macos-arm64, r-release-macos-x86_64, r-release-windows-x86_64, r-oldrel-macos-arm64, r-oldrel-macos-x86_64, r-oldrel-windows-x86_64
Version: 1.0.0
Check: installed package size
Result: NOTE
installed size is 16.2Mb
sub-directories of 1Mb or more:
doc 1.8Mb
libs 14.2Mb
Flavors: r-release-macos-arm64, r-release-macos-x86_64, r-oldrel-macos-arm64, r-oldrel-macos-x86_64