CRAN Package Check Results for Package CREAM

Last updated on 2025-01-19 05:49:06 CET.

Flavor Version Tinstall Tcheck Ttotal Status Flags
r-devel-linux-x86_64-debian-clang 1.1.1 1.86 20.20 22.06 OK
r-devel-linux-x86_64-debian-gcc 1.1.1 1.40 16.70 18.10 OK
r-devel-linux-x86_64-fedora-clang 1.1.1 35.72 OK
r-devel-linux-x86_64-fedora-gcc 1.1.1 33.78 OK
r-devel-windows-x86_64 1.1.1 5.00 48.00 53.00 OK
r-patched-linux-x86_64 1.1.1 1.94 19.53 21.47 NOTE
r-release-linux-x86_64 1.1.1 1.61 19.25 20.86 NOTE
r-release-macos-arm64 1.1.1 15.00 NOTE
r-release-macos-x86_64 1.1.1 25.00 NOTE
r-release-windows-x86_64 1.1.1 3.00 48.00 51.00 NOTE
r-oldrel-macos-arm64 1.1.1 17.00 NOTE
r-oldrel-macos-x86_64 1.1.1 24.00 NOTE
r-oldrel-windows-x86_64 1.1.1 4.00 46.00 50.00 NOTE

Check Details

Version: 1.1.1
Check: LazyData
Result: NOTE 'LazyData' is specified without a 'data' directory Flavors: r-patched-linux-x86_64, r-release-linux-x86_64, r-release-macos-arm64, r-release-macos-x86_64, r-release-windows-x86_64, r-oldrel-macos-arm64, r-oldrel-macos-x86_64, r-oldrel-windows-x86_64