CRAN Package Check Results for Package CSESA

Last updated on 2025-01-19 05:49:06 CET.

Flavor Version Tinstall Tcheck Ttotal Status Flags
r-devel-linux-x86_64-debian-clang 1.2.0 13.32 107.71 121.03 OK
r-devel-linux-x86_64-debian-gcc 1.2.0 9.20 78.24 87.44 OK
r-devel-linux-x86_64-fedora-clang 1.2.0 193.31 OK
r-devel-linux-x86_64-fedora-gcc 1.2.0 174.71 OK
r-devel-windows-x86_64 1.2.0 15.00 102.00 117.00 OK
r-patched-linux-x86_64 1.2.0 10.69 97.89 108.58 NOTE
r-release-linux-x86_64 1.2.0 11.54 97.78 109.32 NOTE
r-release-macos-arm64 1.2.0 50.00 NOTE
r-release-macos-x86_64 1.2.0 81.00 NOTE
r-release-windows-x86_64 1.2.0 15.00 101.00 116.00 NOTE
r-oldrel-macos-arm64 1.2.0 54.00 NOTE
r-oldrel-macos-x86_64 1.2.0 113.00 NOTE
r-oldrel-windows-x86_64 1.2.0 20.00 131.00 151.00 NOTE

Check Details

Version: 1.2.0
Check: LazyData
Result: NOTE 'LazyData' is specified without a 'data' directory Flavors: r-patched-linux-x86_64, r-release-linux-x86_64, r-release-macos-arm64, r-release-macos-x86_64, r-release-windows-x86_64, r-oldrel-macos-arm64, r-oldrel-macos-x86_64, r-oldrel-windows-x86_64