Last updated on 2024-04-25 18:49:22 CEST.
Flavor | Version | Tinstall | Tcheck | Ttotal | Status | Flags |
---|---|---|---|---|---|---|
r-devel-linux-x86_64-debian-clang | 1.2.0 | 15.61 | 133.72 | 149.33 | NOTE | |
r-devel-linux-x86_64-debian-gcc | 1.2.0 | 11.38 | 99.70 | 111.08 | NOTE | |
r-devel-linux-x86_64-fedora-clang | 1.2.0 | 188.53 | NOTE | |||
r-devel-linux-x86_64-fedora-gcc | 1.2.0 | 171.94 | NOTE | |||
r-devel-windows-x86_64 | 1.2.0 | 15.00 | 106.00 | 121.00 | NOTE | |
r-patched-linux-x86_64 | 1.2.0 | 12.71 | 128.87 | 141.58 | NOTE | |
r-release-linux-x86_64 | 1.2.0 | 14.96 | 135.21 | 150.17 | NOTE | |
r-release-macos-arm64 | 1.2.0 | 50.00 | NOTE | |||
r-release-macos-x86_64 | 1.2.0 | 116.00 | NOTE | |||
r-release-windows-x86_64 | 1.2.0 | 14.00 | 105.00 | 119.00 | NOTE | |
r-oldrel-macos-arm64 | 1.2.0 | 54.00 | NOTE | |||
r-oldrel-macos-x86_64 | 1.2.0 | 113.00 | NOTE | |||
r-oldrel-windows-x86_64 | 1.2.0 | 16.00 | 128.00 | 144.00 | NOTE |
Version: 1.2.0
Check: LazyData
Result: NOTE
'LazyData' is specified without a 'data' directory
Flavors: r-devel-linux-x86_64-debian-clang, r-devel-linux-x86_64-debian-gcc, r-devel-linux-x86_64-fedora-clang, r-devel-linux-x86_64-fedora-gcc, r-devel-windows-x86_64, r-patched-linux-x86_64, r-release-linux-x86_64, r-release-macos-arm64, r-release-macos-x86_64, r-release-windows-x86_64, r-oldrel-macos-arm64, r-oldrel-macos-x86_64, r-oldrel-windows-x86_64