CRAN Package Check Results for Package CSeqpat

Last updated on 2025-01-19 05:49:06 CET.

Flavor Version Tinstall Tcheck Ttotal Status Flags
r-devel-linux-x86_64-debian-clang 0.1.2 3.07 26.22 29.29 OK
r-devel-linux-x86_64-debian-gcc 0.1.2 2.22 21.18 23.40 OK
r-devel-linux-x86_64-fedora-clang 0.1.2 46.99 OK
r-devel-linux-x86_64-fedora-gcc 0.1.2 43.71 OK
r-devel-windows-x86_64 0.1.2 4.00 46.00 50.00 OK
r-patched-linux-x86_64 0.1.2 2.97 24.85 27.82 NOTE
r-release-linux-x86_64 0.1.2 2.85 25.02 27.87 NOTE
r-release-macos-arm64 0.1.2 18.00 NOTE
r-release-macos-x86_64 0.1.2 26.00 NOTE
r-release-windows-x86_64 0.1.2 4.00 46.00 50.00 NOTE
r-oldrel-macos-arm64 0.1.2 18.00 NOTE
r-oldrel-macos-x86_64 0.1.2 24.00 NOTE
r-oldrel-windows-x86_64 0.1.2 5.00 48.00 53.00 NOTE

Check Details

Version: 0.1.2
Check: LazyData
Result: NOTE 'LazyData' is specified without a 'data' directory Flavors: r-patched-linux-x86_64, r-release-linux-x86_64, r-release-macos-arm64, r-release-macos-x86_64, r-release-windows-x86_64, r-oldrel-macos-arm64, r-oldrel-macos-x86_64, r-oldrel-windows-x86_64