Last updated on 2025-01-19 05:49:06 CET.
Flavor | Version | Tinstall | Tcheck | Ttotal | Status | Flags |
---|---|---|---|---|---|---|
r-devel-linux-x86_64-debian-clang | 1.3 | 5.51 | 64.13 | 69.64 | OK | |
r-devel-linux-x86_64-debian-gcc | 1.3 | 3.65 | 43.13 | 46.78 | OK | |
r-devel-linux-x86_64-fedora-clang | 1.3 | 111.55 | OK | |||
r-devel-linux-x86_64-fedora-gcc | 1.3 | 103.99 | OK | |||
r-devel-windows-x86_64 | 1.3 | 6.00 | 79.00 | 85.00 | OK | |
r-patched-linux-x86_64 | 1.3 | 5.64 | 57.31 | 62.95 | OK | |
r-release-linux-x86_64 | 1.3 | 4.90 | 56.89 | 61.79 | OK | |
r-release-macos-arm64 | 1.3 | 37.00 | OK | |||
r-release-macos-x86_64 | 1.3 | 92.00 | NOTE | |||
r-release-windows-x86_64 | 1.3 | 7.00 | 79.00 | 86.00 | OK | |
r-oldrel-macos-arm64 | 1.3 | 39.00 | OK | |||
r-oldrel-macos-x86_64 | 1.3 | 63.00 | OK | |||
r-oldrel-windows-x86_64 | 1.3 | 8.00 | 91.00 | 99.00 | OK |
Version: 1.3
Check: installed package size
Result: NOTE
installed size is 5.3Mb
sub-directories of 1Mb or more:
data 4.7Mb
Flavor: r-release-macos-x86_64