Last updated on 2025-01-19 05:49:06 CET.
Flavor | Version | Tinstall | Tcheck | Ttotal | Status | Flags |
---|---|---|---|---|---|---|
r-devel-linux-x86_64-debian-clang | 1.1.5 | 8.74 | 263.55 | 272.29 | OK | |
r-devel-linux-x86_64-debian-gcc | 1.1.5 | 6.60 | 159.11 | 165.71 | OK | |
r-devel-linux-x86_64-fedora-clang | 1.1.5 | 476.02 | OK | |||
r-devel-linux-x86_64-fedora-gcc | 1.1.5 | 443.69 | OK | |||
r-devel-windows-x86_64 | 1.1.5 | 12.00 | 296.00 | 308.00 | OK | |
r-patched-linux-x86_64 | 1.1.5 | 11.24 | 244.94 | 256.18 | OK | |
r-release-linux-x86_64 | 1.1.5 | 8.45 | 255.31 | 263.76 | OK | |
r-release-macos-arm64 | 1.1.5 | 101.00 | OK | |||
r-release-macos-x86_64 | 1.1.5 | 185.00 | WARN | |||
r-release-windows-x86_64 | 1.1.5 | 12.00 | 286.00 | 298.00 | OK | |
r-oldrel-macos-arm64 | 1.1.5 | 116.00 | OK | |||
r-oldrel-macos-x86_64 | 1.1.5 | 351.00 | OK | |||
r-oldrel-windows-x86_64 | 1.1.5 | 10.00 | 375.00 | 385.00 | OK |
Version: 1.1.5
Check: re-building of vignette outputs
Result: WARN
Error(s) in re-building vignettes:
...
--- re-building ‘CUBvignette-knitr.Rnw’ using knitr
Error: processing vignette 'CUBvignette-knitr.Rnw' failed with diagnostics:
Running 'texi2dvi' on 'CUBvignette-knitr.tex' failed.
LaTeX errors:
! Undefined control sequence.
l.195 \hlkwd{GEM}\hldef
{(Formula, family, ...)}
?
! Emergency stop.
! Emergency stop.
l.195
End of file on the terminal!
! ==> Fatal error occurred, no output PDF file produced!
--- failed re-building ‘CUBvignette-knitr.Rnw’
SUMMARY: processing the following file failed:
‘CUBvignette-knitr.Rnw’
Error: Vignette re-building failed.
Execution halted
Flavor: r-release-macos-x86_64