Last updated on 2024-04-17 13:57:25 CEST.
Flavor | Version | Tinstall | Tcheck | Ttotal | Status | Flags |
---|---|---|---|---|---|---|
r-devel-linux-x86_64-debian-clang | 1.0.2 | 5.42 | 37.71 | 43.13 | NOTE | |
r-devel-linux-x86_64-debian-gcc | 1.0.2 | 4.20 | 28.44 | 32.64 | NOTE | |
r-devel-linux-x86_64-fedora-clang | 1.0.2 | 55.83 | NOTE | |||
r-devel-linux-x86_64-fedora-gcc | 1.0.2 | 52.37 | NOTE | |||
r-prerel-macos-arm64 | 1.0.2 | 18.00 | NOTE | |||
r-prerel-windows-x86_64 | 1.0.2 | 7.00 | 57.00 | 64.00 | NOTE | |
r-patched-linux-x86_64 | 1.0.2 | 6.08 | 37.30 | 43.38 | NOTE | |
r-release-linux-x86_64 | 1.0.2 | 6.40 | 36.19 | 42.59 | NOTE | |
r-release-macos-arm64 | 1.0.2 | 22.00 | NOTE | |||
r-release-macos-x86_64 | 1.0.2 | 29.00 | NOTE | |||
r-release-windows-x86_64 | 1.0.2 | 9.00 | 62.00 | 71.00 | NOTE | |
r-oldrel-macos-arm64 | 1.0.2 | 23.00 | NOTE | |||
r-oldrel-windows-x86_64 | 1.0.2 | 25.00 | 62.00 | 87.00 | OK |
Version: 1.0.2
Check: package dependencies
Result: NOTE
Package which this enhances but not available for checking: ‘RGtk2’
Flavors: r-devel-linux-x86_64-debian-clang, r-devel-linux-x86_64-debian-gcc, r-devel-linux-x86_64-fedora-clang, r-devel-linux-x86_64-fedora-gcc, r-prerel-macos-arm64, r-prerel-windows-x86_64, r-patched-linux-x86_64, r-release-linux-x86_64, r-release-macos-arm64, r-release-macos-x86_64, r-release-windows-x86_64, r-oldrel-macos-arm64