CRAN Package Check Results for Package CVD

Last updated on 2020-10-25 11:50:29 CET.

Flavor Version Tinstall Tcheck Ttotal Status Flags
r-devel-linux-x86_64-debian-clang 1.0.2 4.79 32.72 37.51 OK
r-devel-linux-x86_64-debian-gcc 1.0.2 3.89 25.17 29.06 OK
r-devel-linux-x86_64-fedora-clang 1.0.2 53.84 OK
r-devel-linux-x86_64-fedora-gcc 1.0.2 44.48 OK
r-devel-windows-ix86+x86_64 1.0.2 10.00 54.00 64.00 OK
r-patched-linux-x86_64 1.0.2 4.86 30.83 35.69 OK
r-patched-solaris-x86 1.0.2 62.40 OK
r-release-linux-x86_64 1.0.2 5.59 30.89 36.48 OK
r-release-macos-x86_64 1.0.2 OK
r-release-windows-ix86+x86_64 1.0.2 9.00 51.00 60.00 OK
r-oldrel-macos-x86_64 1.0.2 NOTE
r-oldrel-windows-ix86+x86_64 1.0.2 14.00 61.00 75.00 OK

Check Details

Version: 1.0.2
Check: package dependencies
Result: NOTE
    Package which this enhances but not available for checking: ‘RGtk2’
Flavor: r-oldrel-macos-x86_64