Last updated on 2025-01-19 05:49:06 CET.
Flavor | Version | Tinstall | Tcheck | Ttotal | Status | Flags |
---|---|---|---|---|---|---|
r-devel-linux-x86_64-debian-clang | 1.0-15 | 125.17 | 295.63 | 420.80 | OK | |
r-devel-linux-x86_64-debian-gcc | 1.0-15 | 84.02 | 190.02 | 274.04 | OK | |
r-devel-linux-x86_64-fedora-clang | 1.0-15 | 768.85 | OK | |||
r-devel-linux-x86_64-fedora-gcc | 1.0-15 | 712.06 | OK | |||
r-devel-windows-x86_64 | 1.0-15 | 130.00 | 349.00 | 479.00 | OK | |
r-patched-linux-x86_64 | 1.0-15 | 132.59 | 272.66 | 405.25 | NOTE | |
r-release-linux-x86_64 | 1.0-15 | 121.35 | 272.08 | 393.43 | NOTE | |
r-release-macos-arm64 | 1.0-15 | 184.00 | NOTE | |||
r-release-macos-x86_64 | 1.0-15 | 321.00 | NOTE | |||
r-release-windows-x86_64 | 1.0-15 | 126.00 | 340.00 | 466.00 | NOTE | |
r-oldrel-macos-arm64 | 1.0-15 | 163.00 | NOTE | |||
r-oldrel-macos-x86_64 | 1.0-15 | 284.00 | NOTE | |||
r-oldrel-windows-x86_64 | 1.0-15 | 153.00 | 440.00 | 593.00 | NOTE |
Version: 1.0-15
Check: package dependencies
Result: NOTE
Packages which this enhances but not available for checking:
'gurobi', 'rcbc'
Flavors: r-patched-linux-x86_64, r-release-linux-x86_64
Version: 1.0-15
Check: package dependencies
Result: NOTE
Packages which this enhances but not available for checking:
'Rcplex', 'gurobi', 'rcbc'
Flavors: r-release-macos-arm64, r-release-macos-x86_64, r-release-windows-x86_64, r-oldrel-macos-arm64, r-oldrel-macos-x86_64, r-oldrel-windows-x86_64
Version: 1.0-15
Check: installed package size
Result: NOTE
installed size is 10.5Mb
sub-directories of 1Mb or more:
R 3.1Mb
doc 1.2Mb
help 1.1Mb
libs 4.7Mb
Flavors: r-release-macos-arm64, r-release-macos-x86_64, r-release-windows-x86_64, r-oldrel-macos-arm64, r-oldrel-macos-x86_64, r-oldrel-windows-x86_64