Last updated on 2025-01-19 05:49:05 CET.
Flavor | Version | Tinstall | Tcheck | Ttotal | Status | Flags |
---|---|---|---|---|---|---|
r-devel-linux-x86_64-debian-clang | 1.3.0 | 9.24 | 89.55 | 98.79 | OK | |
r-devel-linux-x86_64-debian-gcc | 1.3.0 | 7.18 | 64.54 | 71.72 | OK | |
r-devel-linux-x86_64-fedora-clang | 1.3.0 | 164.50 | OK | |||
r-devel-linux-x86_64-fedora-gcc | 1.3.0 | 154.95 | OK | |||
r-devel-windows-x86_64 | 1.3.0 | 10.00 | 98.00 | 108.00 | OK | |
r-patched-linux-x86_64 | 1.3.0 | 7.45 | 82.64 | 90.09 | NOTE | |
r-release-linux-x86_64 | 1.3.0 | 8.63 | 83.18 | 91.81 | NOTE | |
r-release-macos-arm64 | 1.3.0 | 47.00 | NOTE | |||
r-release-macos-x86_64 | 1.3.0 | 73.00 | NOTE | |||
r-release-windows-x86_64 | 1.3.0 | 10.00 | 98.00 | 108.00 | NOTE | |
r-oldrel-macos-arm64 | 1.3.0 | 46.00 | NOTE | |||
r-oldrel-macos-x86_64 | 1.3.0 | 75.00 | NOTE | |||
r-oldrel-windows-x86_64 | 1.3.0 | 13.00 | 116.00 | 129.00 | NOTE |
Version: 1.3.0
Check: package dependencies
Result: NOTE
Package suggested but not available for checking: ‘ReGenesees’
Flavors: r-patched-linux-x86_64, r-release-linux-x86_64, r-release-macos-arm64, r-release-macos-x86_64, r-release-windows-x86_64, r-oldrel-macos-arm64, r-oldrel-macos-x86_64, r-oldrel-windows-x86_64