Last updated on 2024-05-01 16:52:49 CEST.
Flavor | Version | Tinstall | Tcheck | Ttotal | Status | Flags |
---|---|---|---|---|---|---|
r-devel-linux-x86_64-debian-clang | 0.3.1 | 2.94 | 66.19 | 69.13 | OK | |
r-devel-linux-x86_64-debian-gcc | 0.3.1 | 3.30 | 47.58 | 50.88 | OK | |
r-devel-linux-x86_64-fedora-clang | 0.3.1 | 86.62 | NOTE | |||
r-devel-linux-x86_64-fedora-gcc | 0.3.1 | 101.00 | NOTE | |||
r-devel-windows-x86_64 | 0.3.1 | 6.00 | 70.00 | 76.00 | OK | |
r-patched-linux-x86_64 | 0.3.1 | 5.52 | 62.23 | 67.75 | OK | |
r-release-linux-x86_64 | 0.3.1 | 4.29 | 61.09 | 65.38 | OK | |
r-release-macos-arm64 | 0.3.1 | 38.00 | OK | |||
r-release-macos-x86_64 | 0.3.1 | 90.00 | OK | |||
r-release-windows-x86_64 | 0.3.1 | 6.00 | 69.00 | 75.00 | OK | |
r-oldrel-macos-arm64 | 0.3.1 | 39.00 | OK | |||
r-oldrel-macos-x86_64 | 0.3.1 | 68.00 | OK | |||
r-oldrel-windows-x86_64 | 0.3.1 | 6.00 | 74.00 | 80.00 | OK |
Version: 0.3.1
Check: data for non-ASCII characters
Result: NOTE
Note: found 3 marked UTF-8 strings
Flavors: r-devel-linux-x86_64-fedora-clang, r-devel-linux-x86_64-fedora-gcc